{"id":1488,"date":"2025-01-13T06:36:53","date_gmt":"2025-01-13T06:36:53","guid":{"rendered":"https:\/\/www.thescanfoundation.org\/?post_type=person&#038;p=1488"},"modified":"2025-09-18T15:09:04","modified_gmt":"2025-09-18T22:09:04","slug":"judy-belk","status":"publish","type":"person","link":"https:\/\/www.thescanfoundation.org\/es\/people\/judy-belk\/","title":{"rendered":"Judy Belk"},"template":"","class_list":["post-1488","person","type-person","status-publish","has-post-thumbnail","hentry","person_type-board"],"acf":{"details":{"helper_accent_color":"blue","":null,"first_name":"Judy","last_name":"Belk","title":"Miembro de la Junta Directiva","headshot":1489,"helper_taxonomies":{"priority_tax":false,"location":false,"news-insight_type":false,"resource_type":false,"event_type":false,"person_type":[14],"year_tax":false,"asset_class":false,"investment_type":false,"investment_category":false},"helper_social_links":null},"page_layout":[{"acf_fc_layout":"layout_wysiwyg","_acfe_flexible_toggle":"","component_wysiwyg":{"content":"Escritora publicada y l\u00edder de opini\u00f3n en filantrop\u00eda, cambio social y compromiso c\u00edvico, Belk ha ocupado altos cargos ejecutivos en los sectores gubernamental, corporativo y filantr\u00f3pico. Recientemente, Belk se desempe\u00f1\u00f3 durante nueve a\u00f1os como presidenta y directora ejecutiva de The California Wellness Foundation, una de las instituciones filantr\u00f3picas m\u00e1s grandes de California, con activos superiores a 1.000 millones de d\u00f3lares y un presupuesto anual para subvenciones de m\u00e1s de 65 millones de d\u00f3lares. Bajo su liderazgo, la fundaci\u00f3n lanz\u00f3 una estrategia de inversi\u00f3n centrada en su misi\u00f3n para aprovechar su dotaci\u00f3n con impacto social; cre\u00f3 una iniciativa pionera de 13 millones de d\u00f3lares para abordar las necesidades de salud insatisfechas de las mujeres de color, y fund\u00f3 el Hope and Heal Fund, la primera colaboraci\u00f3n de donantes de California para la prevenci\u00f3n de la violencia armada. Antes de unirse a Cal Wellness en 2014, Belk se desempe\u00f1\u00f3 durante once a\u00f1os como vicepresidenta s\u00e9nior de Rockefeller Philanthropy Advisors, donde asesor\u00f3 a donantes de todo el mundo sobre sus donaciones. Tambi\u00e9n se desempe\u00f1\u00f3 como vicepresidenta de asuntos p\u00fablicos globales de Levi Strauss &amp; Co., donde supervis\u00f3 las \u00e1reas de comunicaci\u00f3n, responsabilidad social corporativa, asuntos gubernamentales y la Fundaci\u00f3n Levi Strauss. Belk ha publicado en el New York Times, Los Angeles Times, el Wall Street Journal y la Radio P\u00fablica Nacional (NPR), adem\u00e1s de otros medios de comunicaci\u00f3n. Belk forma parte de la junta directiva de Hedgebrook, un retiro global de escritoras que promueve la voz de las mujeres y el cambio social. Fue miembro de la junta directiva de la Fundaci\u00f3n Surdna, una fundaci\u00f3n familiar privada nacional con activos superiores a 1000 millones de d\u00f3lares. Anteriormente, tambi\u00e9n form\u00f3 parte de las juntas directivas de la ACLU del Norte de California, la Fundaci\u00f3n Ms. para Mujeres y el Teatro Repertorio de Berkeley. Recibi\u00f3 el premio &quot;James A. Joseph Lecturer on Philanthropy&quot; de la Asociaci\u00f3n de Ejecutivos de Fundaciones Negras (ABFE) y el &quot;Premio Ann Reiss Lane a la Trayectoria&quot; de Mujeres Contra la Violencia con Armas de Fuego. Tambi\u00e9n ha sido reconocida como una de las 50 l\u00edderes sin fines de lucro m\u00e1s influyentes del pa\u00eds por &quot;The Nonprofit Times&quot;. Belk se licenci\u00f3 en Comunicaciones por la Universidad Northwestern, donde recibi\u00f3 la Medalla de Exalumnos de la Universidad, y obtuvo una maestr\u00eda en Administraci\u00f3n P\u00fablica por la Universidad Estatal de California, East Bay, donde fue reconocida como &quot;Exalumna Distinguida del A\u00f1o&quot;. Tambi\u00e9n forma parte del profesorado del Programa de Certificaci\u00f3n en Liderazgo Filantr\u00f3pico Ejecutivo de la Universidad de Georgetown. Actualmente reside en Los \u00c1ngeles.","":null,"helper_width":"narrow"}}]},"yoast_head":"<!-- This site is optimized with the Yoast SEO plugin v27.4 - https:\/\/yoast.com\/product\/yoast-seo-wordpress\/ -->\n<title>Judy Belk - The SCAN Foundation<\/title>\n<meta name=\"description\" content=\"Meet Judy Belk, Board Member of The SCAN Foundation. Learn about her extensive leadership experience and commitment to social change and equity.\" \/>\n<meta name=\"robots\" content=\"index, follow, max-snippet:-1, max-image-preview:large, max-video-preview:-1\" \/>\n<link rel=\"canonical\" href=\"https:\/\/www.thescanfoundation.org\/es\/gente\/judy-belk\/\" \/>\n<meta property=\"og:locale\" content=\"es_MX\" \/>\n<meta property=\"og:type\" content=\"article\" \/>\n<meta property=\"og:title\" content=\"Judy Belk - The SCAN Foundation\" \/>\n<meta property=\"og:description\" content=\"Meet Judy Belk, Board Member of The SCAN Foundation. Learn about her extensive leadership experience and commitment to social change and equity.\" \/>\n<meta property=\"og:url\" content=\"https:\/\/www.thescanfoundation.org\/es\/gente\/judy-belk\/\" \/>\n<meta property=\"og:site_name\" content=\"The SCAN Foundation\" \/>\n<meta property=\"article:modified_time\" content=\"2025-09-18T22:09:04+00:00\" \/>\n<meta property=\"og:image\" content=\"https:\/\/www.thescanfoundation.org\/wp-content\/uploads\/2025\/08\/Judy-Belk.png\" \/>\n\t<meta property=\"og:image:width\" content=\"1000\" \/>\n\t<meta property=\"og:image:height\" content=\"1000\" \/>\n\t<meta property=\"og:image:type\" content=\"image\/png\" \/>\n<meta name=\"twitter:card\" content=\"summary_large_image\" \/>\n<meta name=\"twitter:site\" content=\"@TheSCANFndtn\" \/>\n<script type=\"application\/ld+json\" class=\"yoast-schema-graph\">{\"@context\":\"https:\\\/\\\/schema.org\",\"@graph\":[{\"@type\":\"WebPage\",\"@id\":\"https:\\\/\\\/www.thescanfoundation.org\\\/people\\\/judy-belk\\\/\",\"url\":\"https:\\\/\\\/www.thescanfoundation.org\\\/people\\\/judy-belk\\\/\",\"name\":\"Judy Belk - The SCAN Foundation\",\"isPartOf\":{\"@id\":\"https:\\\/\\\/www.thescanfoundation.org\\\/#website\"},\"primaryImageOfPage\":{\"@id\":\"https:\\\/\\\/www.thescanfoundation.org\\\/people\\\/judy-belk\\\/#primaryimage\"},\"image\":{\"@id\":\"https:\\\/\\\/www.thescanfoundation.org\\\/people\\\/judy-belk\\\/#primaryimage\"},\"thumbnailUrl\":\"https:\\\/\\\/www.thescanfoundation.org\\\/wp-content\\\/uploads\\\/2025\\\/08\\\/Judy-Belk.png\",\"datePublished\":\"2025-01-13T06:36:53+00:00\",\"dateModified\":\"2025-09-18T22:09:04+00:00\",\"description\":\"Meet Judy Belk, Board Member of The SCAN Foundation. Learn about her extensive leadership experience and commitment to social change and equity.\",\"breadcrumb\":{\"@id\":\"https:\\\/\\\/www.thescanfoundation.org\\\/people\\\/judy-belk\\\/#breadcrumb\"},\"inLanguage\":\"es-MX\",\"potentialAction\":[{\"@type\":\"ReadAction\",\"target\":[\"https:\\\/\\\/www.thescanfoundation.org\\\/people\\\/judy-belk\\\/\"]}]},{\"@type\":\"ImageObject\",\"inLanguage\":\"es-MX\",\"@id\":\"https:\\\/\\\/www.thescanfoundation.org\\\/people\\\/judy-belk\\\/#primaryimage\",\"url\":\"https:\\\/\\\/www.thescanfoundation.org\\\/wp-content\\\/uploads\\\/2025\\\/08\\\/Judy-Belk.png\",\"contentUrl\":\"https:\\\/\\\/www.thescanfoundation.org\\\/wp-content\\\/uploads\\\/2025\\\/08\\\/Judy-Belk.png\",\"width\":1000,\"height\":1000,\"caption\":\"Judy Belk headshot image with a transparent background\"},{\"@type\":\"BreadcrumbList\",\"@id\":\"https:\\\/\\\/www.thescanfoundation.org\\\/people\\\/judy-belk\\\/#breadcrumb\",\"itemListElement\":[{\"@type\":\"ListItem\",\"position\":1,\"name\":\"Home\",\"item\":\"https:\\\/\\\/www.thescanfoundation.org\\\/\"},{\"@type\":\"ListItem\",\"position\":2,\"name\":\"Judy Belk\"}]},{\"@type\":\"WebSite\",\"@id\":\"https:\\\/\\\/www.thescanfoundation.org\\\/#website\",\"url\":\"https:\\\/\\\/www.thescanfoundation.org\\\/\",\"name\":\"The SCAN Foundation\",\"description\":\"\",\"publisher\":{\"@id\":\"https:\\\/\\\/www.thescanfoundation.org\\\/#organization\"},\"potentialAction\":[{\"@type\":\"SearchAction\",\"target\":{\"@type\":\"EntryPoint\",\"urlTemplate\":\"https:\\\/\\\/www.thescanfoundation.org\\\/?s={search_term_string}\"},\"query-input\":{\"@type\":\"PropertyValueSpecification\",\"valueRequired\":true,\"valueName\":\"search_term_string\"}}],\"inLanguage\":\"es-MX\"},{\"@type\":\"Organization\",\"@id\":\"https:\\\/\\\/www.thescanfoundation.org\\\/#organization\",\"name\":\"The SCAN Foundation\",\"url\":\"https:\\\/\\\/www.thescanfoundation.org\\\/\",\"logo\":{\"@type\":\"ImageObject\",\"inLanguage\":\"es-MX\",\"@id\":\"https:\\\/\\\/www.thescanfoundation.org\\\/#\\\/schema\\\/logo\\\/image\\\/\",\"url\":\"https:\\\/\\\/www.thescanfoundation.org\\\/wp-content\\\/uploads\\\/2025\\\/09\\\/tsf-logo.png\",\"contentUrl\":\"https:\\\/\\\/www.thescanfoundation.org\\\/wp-content\\\/uploads\\\/2025\\\/09\\\/tsf-logo.png\",\"width\":696,\"height\":696,\"caption\":\"The SCAN Foundation\"},\"image\":{\"@id\":\"https:\\\/\\\/www.thescanfoundation.org\\\/#\\\/schema\\\/logo\\\/image\\\/\"},\"sameAs\":[\"https:\\\/\\\/x.com\\\/TheSCANFndtn\",\"https:\\\/\\\/www.linkedin.com\\\/company\\\/the-scan-foundation\"]}]}<\/script>\n<!-- \/ Yoast SEO plugin. -->","yoast_head_json":{"title":"Judy Belk - La Fundaci\u00f3n SCAN","description":"Conozca a Judy Belk, Miembro de la Junta de la Fundaci\u00f3n SCAN. Conozca su amplia experiencia de liderazgo y compromiso con el cambio social.","robots":{"index":"index","follow":"follow","max-snippet":"max-snippet:-1","max-image-preview":"max-image-preview:large","max-video-preview":"max-video-preview:-1"},"canonical":"https:\/\/www.thescanfoundation.org\/es\/gente\/judy-belk\/","og_locale":"es_MX","og_type":"article","og_title":"Judy Belk - The SCAN Foundation","og_description":"Meet Judy Belk, Board Member of The SCAN Foundation. Learn about her extensive leadership experience and commitment to social change and equity.","og_url":"https:\/\/www.thescanfoundation.org\/es\/gente\/judy-belk\/","og_site_name":"The SCAN Foundation","article_modified_time":"2025-09-18T22:09:04+00:00","og_image":[{"width":1000,"height":1000,"url":"https:\/\/www.thescanfoundation.org\/wp-content\/uploads\/2025\/08\/Judy-Belk.png","type":"image\/png"}],"twitter_card":"summary_large_image","twitter_site":"@TheSCANFndtn","schema":{"@context":"https:\/\/schema.org","@graph":[{"@type":"WebPage","@id":"https:\/\/www.thescanfoundation.org\/people\/judy-belk\/","url":"https:\/\/www.thescanfoundation.org\/people\/judy-belk\/","name":"Judy Belk - La Fundaci\u00f3n SCAN","isPartOf":{"@id":"https:\/\/www.thescanfoundation.org\/#website"},"primaryImageOfPage":{"@id":"https:\/\/www.thescanfoundation.org\/people\/judy-belk\/#primaryimage"},"image":{"@id":"https:\/\/www.thescanfoundation.org\/people\/judy-belk\/#primaryimage"},"thumbnailUrl":"https:\/\/www.thescanfoundation.org\/wp-content\/uploads\/2025\/08\/Judy-Belk.png","datePublished":"2025-01-13T06:36:53+00:00","dateModified":"2025-09-18T22:09:04+00:00","description":"Conozca a Judy Belk, Miembro de la Junta de la Fundaci\u00f3n SCAN. Conozca su amplia experiencia de liderazgo y compromiso con el cambio social.","breadcrumb":{"@id":"https:\/\/www.thescanfoundation.org\/people\/judy-belk\/#breadcrumb"},"inLanguage":"es-MX","potentialAction":[{"@type":"ReadAction","target":["https:\/\/www.thescanfoundation.org\/people\/judy-belk\/"]}]},{"@type":"ImageObject","inLanguage":"es-MX","@id":"https:\/\/www.thescanfoundation.org\/people\/judy-belk\/#primaryimage","url":"https:\/\/www.thescanfoundation.org\/wp-content\/uploads\/2025\/08\/Judy-Belk.png","contentUrl":"https:\/\/www.thescanfoundation.org\/wp-content\/uploads\/2025\/08\/Judy-Belk.png","width":1000,"height":1000,"caption":"Judy Belk headshot image with a transparent background"},{"@type":"BreadcrumbList","@id":"https:\/\/www.thescanfoundation.org\/people\/judy-belk\/#breadcrumb","itemListElement":[{"@type":"ListItem","position":1,"name":"Home","item":"https:\/\/www.thescanfoundation.org\/"},{"@type":"ListItem","position":2,"name":"Judy Belk"}]},{"@type":"WebSite","@id":"https:\/\/www.thescanfoundation.org\/#website","url":"https:\/\/www.thescanfoundation.org\/","name":"La Fundaci\u00f3n SCAN","description":"","publisher":{"@id":"https:\/\/www.thescanfoundation.org\/#organization"},"potentialAction":[{"@type":"SearchAction","target":{"@type":"EntryPoint","urlTemplate":"https:\/\/www.thescanfoundation.org\/?s={search_term_string}"},"query-input":{"@type":"PropertyValueSpecification","valueRequired":true,"valueName":"search_term_string"}}],"inLanguage":"es-MX"},{"@type":"Organization","@id":"https:\/\/www.thescanfoundation.org\/#organization","name":"La Fundaci\u00f3n SCAN","url":"https:\/\/www.thescanfoundation.org\/","logo":{"@type":"ImageObject","inLanguage":"es-MX","@id":"https:\/\/www.thescanfoundation.org\/#\/schema\/logo\/image\/","url":"https:\/\/www.thescanfoundation.org\/wp-content\/uploads\/2025\/09\/tsf-logo.png","contentUrl":"https:\/\/www.thescanfoundation.org\/wp-content\/uploads\/2025\/09\/tsf-logo.png","width":696,"height":696,"caption":"The SCAN Foundation"},"image":{"@id":"https:\/\/www.thescanfoundation.org\/#\/schema\/logo\/image\/"},"sameAs":["https:\/\/x.com\/TheSCANFndtn","https:\/\/www.linkedin.com\/company\/the-scan-foundation"]}]}},"_links":{"self":[{"href":"https:\/\/www.thescanfoundation.org\/es\/wp-json\/wp\/v2\/person\/1488","targetHints":{"allow":["GET"]}}],"collection":[{"href":"https:\/\/www.thescanfoundation.org\/es\/wp-json\/wp\/v2\/person"}],"about":[{"href":"https:\/\/www.thescanfoundation.org\/es\/wp-json\/wp\/v2\/types\/person"}],"version-history":[{"count":0,"href":"https:\/\/www.thescanfoundation.org\/es\/wp-json\/wp\/v2\/person\/1488\/revisions"}],"wp:featuredmedia":[{"embeddable":true,"href":"https:\/\/www.thescanfoundation.org\/es\/wp-json\/wp\/v2\/media\/1489"}],"wp:attachment":[{"href":"https:\/\/www.thescanfoundation.org\/es\/wp-json\/wp\/v2\/media?parent=1488"}],"curies":[{"name":"wp","href":"https:\/\/api.w.org\/{rel}","templated":true}]}}

Escritora publicada y líder de opinión en filantropía, cambio social y compromiso cívico, Belk ha ocupado altos cargos ejecutivos en los sectores gubernamental, corporativo y filantrópico. Recientemente, Belk se desempeñó durante nueve años como presidenta y directora ejecutiva de The California Wellness Foundation, una de las instituciones filantrópicas más grandes de California, con activos superiores a 1.000 millones de dólares y un presupuesto anual para subvenciones de más de 65 millones de dólares. Bajo su liderazgo, la fundación lanzó una estrategia de inversión centrada en su misión para aprovechar su dotación con impacto social; creó una iniciativa pionera de 13 millones de dólares para abordar las necesidades de salud insatisfechas de las mujeres de color, y fundó el Hope and Heal Fund, la primera colaboración de donantes de California para la prevención de la violencia armada. Antes de unirse a Cal Wellness en 2014, Belk se desempeñó durante once años como vicepresidenta sénior de Rockefeller Philanthropy Advisors, donde asesoró a donantes de todo el mundo sobre sus donaciones. También se desempeñó como vicepresidenta de asuntos públicos globales de Levi Strauss &amp; Co., donde supervisó las áreas de comunicación, responsabilidad social corporativa, asuntos gubernamentales y la Fundación Levi Strauss. Belk ha publicado en el New York Times, Los Angeles Times, el Wall Street Journal y la Radio Pública Nacional (NPR), además de otros medios de comunicación. Belk forma parte de la junta directiva de Hedgebrook, un retiro global de escritoras que promueve la voz de las mujeres y el cambio social. Fue miembro de la junta directiva de la Fundación Surdna, una fundación familiar privada nacional con activos superiores a 1000 millones de dólares. Anteriormente, también formó parte de las juntas directivas de la ACLU del Norte de California, la Fundación Ms. para Mujeres y el Teatro Repertorio de Berkeley. Recibió el premio &quot;James A. Joseph Lecturer on Philanthropy&quot; de la Asociación de Ejecutivos de Fundaciones Negras (ABFE) y el &quot;Premio Ann Reiss Lane a la Trayectoria&quot; de Mujeres Contra la Violencia con Armas de Fuego. También ha sido reconocida como una de las 50 líderes sin fines de lucro más influyentes del país por &quot;The Nonprofit Times&quot;. Belk se licenció en Comunicaciones por la Universidad Northwestern, donde recibió la Medalla de Exalumnos de la Universidad, y obtuvo una maestría en Administración Pública por la Universidad Estatal de California, East Bay, donde fue reconocida como &quot;Exalumna Distinguida del Año&quot;. También forma parte del profesorado del Programa de Certificación en Liderazgo Filantrópico Ejecutivo de la Universidad de Georgetown. Actualmente reside en Los Ángeles.

Judy Belk - La Fundación SCAN

Conozca a Judy Belk, Miembro de la Junta de la Fundación SCAN. Conozca su amplia experiencia de liderazgo y compromiso con el cambio social.

La Fundación SCAN
