{"id":1499,"date":"2025-01-13T06:49:35","date_gmt":"2025-01-13T06:49:35","guid":{"rendered":"https:\/\/www.thescanfoundation.org\/?post_type=person&#038;p=1499"},"modified":"2025-09-18T15:10:22","modified_gmt":"2025-09-18T22:10:22","slug":"benjamin-k-chu-maryland-mph-macp","status":"publish","type":"person","link":"https:\/\/www.thescanfoundation.org\/es\/people\/benjamin-k-chu-md-mph-macp\/","title":{"rendered":"Benjam\u00edn K. Chu"},"template":"","class_list":["post-1499","person","type-person","status-publish","has-post-thumbnail","hentry","person_type-board"],"acf":{"details":{"helper_accent_color":"yellow","":null,"first_name":"Benjamin K.","last_name":"Chu","title":"Miembro de la Junta Directiva","headshot":1502,"helper_taxonomies":{"priority_tax":false,"location":false,"news-insight_type":false,"resource_type":false,"event_type":false,"person_type":[14],"year_tax":false,"asset_class":false,"investment_type":false,"investment_category":false},"helper_social_links":null},"page_layout":[{"acf_fc_layout":"layout_wysiwyg","_acfe_flexible_toggle":"","component_wysiwyg":{"content":"Benjamin K. Chu, MD, MPH, MACP, tiene m\u00e1s de cuatro d\u00e9cadas de experiencia en atenci\u00f3n m\u00e9dica como cl\u00ednico, administrador y defensor de pol\u00edticas. Cree apasionadamente que la calidad de la atenci\u00f3n al paciente, la seguridad del paciente y la experiencia del paciente son de la mayor importancia. El Dr. Chu se jubil\u00f3 como Asesor S\u00e9nior de la firma consultora Manatt Health en enero de 2021. A lo largo de su impresionante carrera, el Dr. Chu se ha centrado en la integraci\u00f3n de m\u00e9dicos, la salud de la poblaci\u00f3n y la innovaci\u00f3n de los sistemas de salud para impulsar mejores resultados y rendimiento. Sus numerosos puestos de liderazgo s\u00e9nior incluyen Presidente y Director Ejecutivo del Memorial Hermann Health System; Vicepresidente Ejecutivo y Presidente de Grupo para las regiones del Sur de California y Georgia de Kaiser Permanente; Presidente de la Corporaci\u00f3n de Salud y Hospitales de la Ciudad de Nueva York; Decano Asociado S\u00e9nior en el Colegio de M\u00e9dicos y Cirujanos de Columbia; Vicepresidente y Decano Asociado en la Facultad de Medicina de la Universidad de Nueva York; y Comisionado Interino de Salud para el Departamento de Salud de la Ciudad de Nueva York. El Dr. Chu participa activamente en las Juntas Directivas de varias organizaciones sin fines de lucro. Actualmente preside la Junta del Comit\u00e9 Nacional para el Aseguramiento de la Calidad; Forma parte de las Juntas Directivas del Sistema de Salud Geisinger, el Plan de Salud Geisinger y la Facultad de Medicina Geisinger Commonwealth; y es miembro de los Comit\u00e9s de Calidad de Columbia Memorial Health y del Hospital Mary Imogene Bassett. Anteriormente, presidi\u00f3 la Junta Directiva de la Asociaci\u00f3n Americana de Hospitales, la Junta Directiva del Fondo Commonwealth y la Junta Directiva de la Fundaci\u00f3n American Legacy. El Dr. Chu obtuvo su t\u00edtulo de m\u00e9dico en la Universidad de Nueva York y su maestr\u00eda en salud p\u00fablica en la Universidad de Columbia. Tambi\u00e9n es licenciado en psicolog\u00eda por la Universidad de Yale.","":null,"helper_width":"narrow"}}]},"yoast_head":"<!-- This site is optimized with the Yoast SEO plugin v27.4 - https:\/\/yoast.com\/product\/yoast-seo-wordpress\/ -->\n<title>Benjamin K. Chu - The SCAN Foundation<\/title>\n<meta name=\"description\" content=\"Meet Benjamin K. Chu, MD, MPH, MACP, Board Member. A distinguished physician leader guiding TSF\u2019s health equity and clinical integration strategies.\" \/>\n<meta name=\"robots\" content=\"index, follow, max-snippet:-1, max-image-preview:large, max-video-preview:-1\" \/>\n<link rel=\"canonical\" href=\"https:\/\/www.thescanfoundation.org\/es\/gente\/benjamin-k-chu-maryland-mph-macp\/\" \/>\n<meta property=\"og:locale\" content=\"es_MX\" \/>\n<meta property=\"og:type\" content=\"article\" \/>\n<meta property=\"og:title\" content=\"Benjamin K. Chu - The SCAN Foundation\" \/>\n<meta property=\"og:description\" content=\"Meet Benjamin K. Chu, MD, MPH, MACP, Board Member. A distinguished physician leader guiding TSF\u2019s health equity and clinical integration strategies.\" \/>\n<meta property=\"og:url\" content=\"https:\/\/www.thescanfoundation.org\/es\/gente\/benjamin-k-chu-maryland-mph-macp\/\" \/>\n<meta property=\"og:site_name\" content=\"The SCAN Foundation\" \/>\n<meta property=\"article:modified_time\" content=\"2025-09-18T22:10:22+00:00\" \/>\n<meta property=\"og:image\" content=\"https:\/\/www.thescanfoundation.org\/wp-content\/uploads\/2025\/01\/Benjamin-Chu.png\" \/>\n\t<meta property=\"og:image:width\" content=\"424\" \/>\n\t<meta property=\"og:image:height\" content=\"424\" \/>\n\t<meta property=\"og:image:type\" content=\"image\/png\" \/>\n<meta name=\"twitter:card\" content=\"summary_large_image\" \/>\n<meta name=\"twitter:site\" content=\"@TheSCANFndtn\" \/>\n<script type=\"application\/ld+json\" class=\"yoast-schema-graph\">{\"@context\":\"https:\\\/\\\/schema.org\",\"@graph\":[{\"@type\":\"WebPage\",\"@id\":\"https:\\\/\\\/www.thescanfoundation.org\\\/people\\\/benjamin-k-chu-md-mph-macp\\\/\",\"url\":\"https:\\\/\\\/www.thescanfoundation.org\\\/people\\\/benjamin-k-chu-md-mph-macp\\\/\",\"name\":\"Benjamin K. Chu - The SCAN Foundation\",\"isPartOf\":{\"@id\":\"https:\\\/\\\/www.thescanfoundation.org\\\/#website\"},\"primaryImageOfPage\":{\"@id\":\"https:\\\/\\\/www.thescanfoundation.org\\\/people\\\/benjamin-k-chu-md-mph-macp\\\/#primaryimage\"},\"image\":{\"@id\":\"https:\\\/\\\/www.thescanfoundation.org\\\/people\\\/benjamin-k-chu-md-mph-macp\\\/#primaryimage\"},\"thumbnailUrl\":\"https:\\\/\\\/www.thescanfoundation.org\\\/wp-content\\\/uploads\\\/2025\\\/01\\\/Benjamin-Chu.png\",\"datePublished\":\"2025-01-13T06:49:35+00:00\",\"dateModified\":\"2025-09-18T22:10:22+00:00\",\"description\":\"Meet Benjamin K. Chu, MD, MPH, MACP, Board Member. A distinguished physician leader guiding TSF\u2019s health equity and clinical integration strategies.\",\"breadcrumb\":{\"@id\":\"https:\\\/\\\/www.thescanfoundation.org\\\/people\\\/benjamin-k-chu-md-mph-macp\\\/#breadcrumb\"},\"inLanguage\":\"es-MX\",\"potentialAction\":[{\"@type\":\"ReadAction\",\"target\":[\"https:\\\/\\\/www.thescanfoundation.org\\\/people\\\/benjamin-k-chu-md-mph-macp\\\/\"]}]},{\"@type\":\"ImageObject\",\"inLanguage\":\"es-MX\",\"@id\":\"https:\\\/\\\/www.thescanfoundation.org\\\/people\\\/benjamin-k-chu-md-mph-macp\\\/#primaryimage\",\"url\":\"https:\\\/\\\/www.thescanfoundation.org\\\/wp-content\\\/uploads\\\/2025\\\/01\\\/Benjamin-Chu.png\",\"contentUrl\":\"https:\\\/\\\/www.thescanfoundation.org\\\/wp-content\\\/uploads\\\/2025\\\/01\\\/Benjamin-Chu.png\",\"width\":424,\"height\":424,\"caption\":\"Benjamin Chu headshot image with a transparent background\"},{\"@type\":\"BreadcrumbList\",\"@id\":\"https:\\\/\\\/www.thescanfoundation.org\\\/people\\\/benjamin-k-chu-md-mph-macp\\\/#breadcrumb\",\"itemListElement\":[{\"@type\":\"ListItem\",\"position\":1,\"name\":\"Home\",\"item\":\"https:\\\/\\\/www.thescanfoundation.org\\\/\"},{\"@type\":\"ListItem\",\"position\":2,\"name\":\"Benjamin K. Chu\"}]},{\"@type\":\"WebSite\",\"@id\":\"https:\\\/\\\/www.thescanfoundation.org\\\/#website\",\"url\":\"https:\\\/\\\/www.thescanfoundation.org\\\/\",\"name\":\"The SCAN Foundation\",\"description\":\"\",\"publisher\":{\"@id\":\"https:\\\/\\\/www.thescanfoundation.org\\\/#organization\"},\"potentialAction\":[{\"@type\":\"SearchAction\",\"target\":{\"@type\":\"EntryPoint\",\"urlTemplate\":\"https:\\\/\\\/www.thescanfoundation.org\\\/?s={search_term_string}\"},\"query-input\":{\"@type\":\"PropertyValueSpecification\",\"valueRequired\":true,\"valueName\":\"search_term_string\"}}],\"inLanguage\":\"es-MX\"},{\"@type\":\"Organization\",\"@id\":\"https:\\\/\\\/www.thescanfoundation.org\\\/#organization\",\"name\":\"The SCAN Foundation\",\"url\":\"https:\\\/\\\/www.thescanfoundation.org\\\/\",\"logo\":{\"@type\":\"ImageObject\",\"inLanguage\":\"es-MX\",\"@id\":\"https:\\\/\\\/www.thescanfoundation.org\\\/#\\\/schema\\\/logo\\\/image\\\/\",\"url\":\"https:\\\/\\\/www.thescanfoundation.org\\\/wp-content\\\/uploads\\\/2025\\\/09\\\/tsf-logo.png\",\"contentUrl\":\"https:\\\/\\\/www.thescanfoundation.org\\\/wp-content\\\/uploads\\\/2025\\\/09\\\/tsf-logo.png\",\"width\":696,\"height\":696,\"caption\":\"The SCAN Foundation\"},\"image\":{\"@id\":\"https:\\\/\\\/www.thescanfoundation.org\\\/#\\\/schema\\\/logo\\\/image\\\/\"},\"sameAs\":[\"https:\\\/\\\/x.com\\\/TheSCANFndtn\",\"https:\\\/\\\/www.linkedin.com\\\/company\\\/the-scan-foundation\"]}]}<\/script>\n<!-- \/ Yoast SEO plugin. -->","yoast_head_json":{"title":"Benjamin K. Chu - La Fundaci\u00f3n SCAN","description":"Conozca a Benjamin K. Chu, MD, MPH, MACP, Miembro de la Junta. Un l\u00edder m\u00e9dico distinguido que gu\u00eda las estrategias de integraci\u00f3n cl\u00ednica de TSF.","robots":{"index":"index","follow":"follow","max-snippet":"max-snippet:-1","max-image-preview":"max-image-preview:large","max-video-preview":"max-video-preview:-1"},"canonical":"https:\/\/www.thescanfoundation.org\/es\/gente\/benjamin-k-chu-maryland-mph-macp\/","og_locale":"es_MX","og_type":"article","og_title":"Benjamin K. Chu - The SCAN Foundation","og_description":"Meet Benjamin K. Chu, MD, MPH, MACP, Board Member. A distinguished physician leader guiding TSF\u2019s health equity and clinical integration strategies.","og_url":"https:\/\/www.thescanfoundation.org\/es\/gente\/benjamin-k-chu-maryland-mph-macp\/","og_site_name":"The SCAN Foundation","article_modified_time":"2025-09-18T22:10:22+00:00","og_image":[{"width":424,"height":424,"url":"https:\/\/www.thescanfoundation.org\/wp-content\/uploads\/2025\/01\/Benjamin-Chu.png","type":"image\/png"}],"twitter_card":"summary_large_image","twitter_site":"@TheSCANFndtn","schema":{"@context":"https:\/\/schema.org","@graph":[{"@type":"WebPage","@id":"https:\/\/www.thescanfoundation.org\/people\/benjamin-k-chu-md-mph-macp\/","url":"https:\/\/www.thescanfoundation.org\/people\/benjamin-k-chu-md-mph-macp\/","name":"Benjamin K. Chu - La Fundaci\u00f3n SCAN","isPartOf":{"@id":"https:\/\/www.thescanfoundation.org\/#website"},"primaryImageOfPage":{"@id":"https:\/\/www.thescanfoundation.org\/people\/benjamin-k-chu-md-mph-macp\/#primaryimage"},"image":{"@id":"https:\/\/www.thescanfoundation.org\/people\/benjamin-k-chu-md-mph-macp\/#primaryimage"},"thumbnailUrl":"https:\/\/www.thescanfoundation.org\/wp-content\/uploads\/2025\/01\/Benjamin-Chu.png","datePublished":"2025-01-13T06:49:35+00:00","dateModified":"2025-09-18T22:10:22+00:00","description":"Conozca a Benjamin K. Chu, MD, MPH, MACP, Miembro de la Junta. Un l\u00edder m\u00e9dico distinguido que gu\u00eda las estrategias de integraci\u00f3n cl\u00ednica de TSF.","breadcrumb":{"@id":"https:\/\/www.thescanfoundation.org\/people\/benjamin-k-chu-md-mph-macp\/#breadcrumb"},"inLanguage":"es-MX","potentialAction":[{"@type":"ReadAction","target":["https:\/\/www.thescanfoundation.org\/people\/benjamin-k-chu-md-mph-macp\/"]}]},{"@type":"ImageObject","inLanguage":"es-MX","@id":"https:\/\/www.thescanfoundation.org\/people\/benjamin-k-chu-md-mph-macp\/#primaryimage","url":"https:\/\/www.thescanfoundation.org\/wp-content\/uploads\/2025\/01\/Benjamin-Chu.png","contentUrl":"https:\/\/www.thescanfoundation.org\/wp-content\/uploads\/2025\/01\/Benjamin-Chu.png","width":424,"height":424,"caption":"Benjamin Chu headshot image with a transparent background"},{"@type":"BreadcrumbList","@id":"https:\/\/www.thescanfoundation.org\/people\/benjamin-k-chu-md-mph-macp\/#breadcrumb","itemListElement":[{"@type":"ListItem","position":1,"name":"Home","item":"https:\/\/www.thescanfoundation.org\/"},{"@type":"ListItem","position":2,"name":"Benjamin K. Chu"}]},{"@type":"WebSite","@id":"https:\/\/www.thescanfoundation.org\/#website","url":"https:\/\/www.thescanfoundation.org\/","name":"La Fundaci\u00f3n SCAN","description":"","publisher":{"@id":"https:\/\/www.thescanfoundation.org\/#organization"},"potentialAction":[{"@type":"SearchAction","target":{"@type":"EntryPoint","urlTemplate":"https:\/\/www.thescanfoundation.org\/?s={search_term_string}"},"query-input":{"@type":"PropertyValueSpecification","valueRequired":true,"valueName":"search_term_string"}}],"inLanguage":"es-MX"},{"@type":"Organization","@id":"https:\/\/www.thescanfoundation.org\/#organization","name":"La Fundaci\u00f3n SCAN","url":"https:\/\/www.thescanfoundation.org\/","logo":{"@type":"ImageObject","inLanguage":"es-MX","@id":"https:\/\/www.thescanfoundation.org\/#\/schema\/logo\/image\/","url":"https:\/\/www.thescanfoundation.org\/wp-content\/uploads\/2025\/09\/tsf-logo.png","contentUrl":"https:\/\/www.thescanfoundation.org\/wp-content\/uploads\/2025\/09\/tsf-logo.png","width":696,"height":696,"caption":"The SCAN Foundation"},"image":{"@id":"https:\/\/www.thescanfoundation.org\/#\/schema\/logo\/image\/"},"sameAs":["https:\/\/x.com\/TheSCANFndtn","https:\/\/www.linkedin.com\/company\/the-scan-foundation"]}]}},"_links":{"self":[{"href":"https:\/\/www.thescanfoundation.org\/es\/wp-json\/wp\/v2\/person\/1499","targetHints":{"allow":["GET"]}}],"collection":[{"href":"https:\/\/www.thescanfoundation.org\/es\/wp-json\/wp\/v2\/person"}],"about":[{"href":"https:\/\/www.thescanfoundation.org\/es\/wp-json\/wp\/v2\/types\/person"}],"version-history":[{"count":0,"href":"https:\/\/www.thescanfoundation.org\/es\/wp-json\/wp\/v2\/person\/1499\/revisions"}],"wp:featuredmedia":[{"embeddable":true,"href":"https:\/\/www.thescanfoundation.org\/es\/wp-json\/wp\/v2\/media\/1502"}],"wp:attachment":[{"href":"https:\/\/www.thescanfoundation.org\/es\/wp-json\/wp\/v2\/media?parent=1499"}],"curies":[{"name":"wp","href":"https:\/\/api.w.org\/{rel}","templated":true}]}}

Benjamín K. Chu

Benjamin K. Chu, MD, MPH, MACP, tiene más de cuatro décadas de experiencia en atención médica como clínico, administrador y defensor de políticas. Cree apasionadamente que la calidad de la atención al paciente, la seguridad del paciente y la experiencia del paciente son de la mayor importancia. El Dr. Chu se jubiló como Asesor Sénior de la firma consultora Manatt Health en enero de 2021. A lo largo de su impresionante carrera, el Dr. Chu se ha centrado en la integración de médicos, la salud de la población y la innovación de los sistemas de salud para impulsar mejores resultados y rendimiento. Sus numerosos puestos de liderazgo sénior incluyen Presidente y Director Ejecutivo del Memorial Hermann Health System; Vicepresidente Ejecutivo y Presidente de Grupo para las regiones del Sur de California y Georgia de Kaiser Permanente; Presidente de la Corporación de Salud y Hospitales de la Ciudad de Nueva York; Decano Asociado Sénior en el Colegio de Médicos y Cirujanos de Columbia; Vicepresidente y Decano Asociado en la Facultad de Medicina de la Universidad de Nueva York; y Comisionado Interino de Salud para el Departamento de Salud de la Ciudad de Nueva York. El Dr. Chu participa activamente en las Juntas Directivas de varias organizaciones sin fines de lucro. Actualmente preside la Junta del Comité Nacional para el Aseguramiento de la Calidad; Forma parte de las Juntas Directivas del Sistema de Salud Geisinger, el Plan de Salud Geisinger y la Facultad de Medicina Geisinger Commonwealth; y es miembro de los Comités de Calidad de Columbia Memorial Health y del Hospital Mary Imogene Bassett. Anteriormente, presidió la Junta Directiva de la Asociación Americana de Hospitales, la Junta Directiva del Fondo Commonwealth y la Junta Directiva de la Fundación American Legacy. El Dr. Chu obtuvo su título de médico en la Universidad de Nueva York y su maestría en salud pública en la Universidad de Columbia. También es licenciado en psicología por la Universidad de Yale.

Benjamin K. Chu - La Fundación SCAN

Conozca a Benjamin K. Chu, MD, MPH, MACP, Miembro de la Junta. Un líder médico distinguido que guía las estrategias de integración clínica de TSF.

La Fundación SCAN
