{"id":1533,"date":"2022-09-07T03:48:51","date_gmt":"2022-09-07T03:48:51","guid":{"rendered":"https:\/\/www.thescanfoundation.org\/?post_type=person&#038;p=1533"},"modified":"2026-02-11T12:38:31","modified_gmt":"2026-02-11T20:38:31","slug":"narda-ipakchi-mba","status":"publish","type":"person","link":"https:\/\/www.thescanfoundation.org\/es\/people\/narda-ipakchi-mba\/","title":{"rendered":"Narda Ipakchi"},"template":"","class_list":["post-1533","person","type-person","status-publish","has-post-thumbnail","hentry","person_type-staff"],"acf":{"details":{"helper_accent_color":"yellow","":null,"first_name":"Narda","last_name":"Ipakchi","title":"Vicepresidente de Pol\u00edticas y Programas","headshot":4635,"helper_taxonomies":{"priority_tax":false,"location":false,"news-insight_type":false,"resource_type":false,"event_type":false,"person_type":[16],"year_tax":false,"asset_class":false,"investment_type":false,"investment_category":false},"helper_social_links":[{"platform":"email","url":"","email":"nipakchi@thescanfoundation.org"},{"platform":"linkedin","url":"https:\/\/www.linkedin.com\/in\/nipakchi\/","email":""}]},"page_layout":[{"acf_fc_layout":"layout_wysiwyg","_acfe_flexible_toggle":null,"component_wysiwyg":{"content":"Narda Ipakchi, MBA, es Vicepresidenta de Pol\u00edticas y Programas de la Fundaci\u00f3n SCAN. Narda es una experimentada profesional en pol\u00edticas de salud y envejecimiento con amplia experiencia en pol\u00edticas y programas de apoyo a las personas mayores, incluyendo Medicare, programas integrados de Medicare y Medicaid, y servicios y apoyos a largo plazo. Antes de unirse a la Fundaci\u00f3n, se desempe\u00f1\u00f3 como Directora de Pol\u00edticas de Medicare y Medicaid para el Comit\u00e9 de Envejecimiento del Senado de los Estados Unidos, bajo el liderazgo del presidente Bob Casey, de Pensilvania. En este cargo, asesor\u00f3 al presidente sobre temas clave que afectan a las personas mayores y a las personas con discapacidad, incluyendo cambios en las pol\u00edticas de residencias de ancianos, la expansi\u00f3n de los servicios domiciliarios y comunitarios, las reformas de las pol\u00edticas de medicamentos recetados de Medicare y la integraci\u00f3n de Medicare y Medicaid. Antes de incorporarse al Senado, Narda trabaj\u00f3 aproximadamente 15 a\u00f1os en el sector privado, principalmente en consultor\u00eda de pol\u00edticas de Medicare y Medicaid en Avalere Health, Manatt Health y Health Management Associates, donde brind\u00f3 investigaci\u00f3n y an\u00e1lisis cuantitativo y cualitativo de pol\u00edticas, apoyo a la implementaci\u00f3n de proyectos y otros servicios de asesor\u00eda a una amplia gama de actores clave del sector salud, incluyendo fundaciones, proveedores, planes de salud, estados y otras organizaciones. Narda obtuvo su Maestr\u00eda en Administraci\u00f3n de Empresas y su Licenciatura en Artes en la Universidad de Maryland, College Park. Cuando no est\u00e1 reflexionando sobre c\u00f3mo mejorar las pol\u00edticas de salud y envejecimiento, la puedes encontrar explorando la naturaleza con su esposo y su hija, viajando a alg\u00fan lugar donde pueda sumergirse en una cultura diferente o pasando el d\u00eda perfeccionando una receta favorita.","":null,"helper_width":"narrow"}}]},"yoast_head":"<!-- This site is optimized with the Yoast SEO plugin v27.4 - https:\/\/yoast.com\/product\/yoast-seo-wordpress\/ -->\n<title>Narda Ipakchi - The SCAN Foundation<\/title>\n<meta name=\"description\" content=\"Meet Narda Ipakchi, MBA, Vice President of Policy and Programs. Leading strategic initiatives to transform care and support systems for older adults.\" \/>\n<meta name=\"robots\" content=\"index, follow, max-snippet:-1, max-image-preview:large, max-video-preview:-1\" \/>\n<link rel=\"canonical\" href=\"https:\/\/www.thescanfoundation.org\/es\/gente\/narda-ipakchi-mba\/\" \/>\n<meta property=\"og:locale\" content=\"es_MX\" \/>\n<meta property=\"og:type\" content=\"article\" \/>\n<meta property=\"og:title\" content=\"Narda Ipakchi - The SCAN Foundation\" \/>\n<meta property=\"og:description\" content=\"Meet Narda Ipakchi, MBA, Vice President of Policy and Programs. Leading strategic initiatives to transform care and support systems for older adults.\" \/>\n<meta property=\"og:url\" content=\"https:\/\/www.thescanfoundation.org\/es\/gente\/narda-ipakchi-mba\/\" \/>\n<meta property=\"og:site_name\" content=\"The SCAN Foundation\" \/>\n<meta property=\"article:modified_time\" content=\"2026-02-11T20:38:31+00:00\" \/>\n<meta property=\"og:image\" content=\"https:\/\/www.thescanfoundation.org\/wp-content\/uploads\/2022\/09\/Ipakchi_Narda_Headshot_Transparent_Background.png\" \/>\n\t<meta property=\"og:image:width\" content=\"1536\" \/>\n\t<meta property=\"og:image:height\" content=\"1024\" \/>\n\t<meta property=\"og:image:type\" content=\"image\/png\" \/>\n<meta name=\"twitter:card\" content=\"summary_large_image\" \/>\n<meta name=\"twitter:site\" content=\"@TheSCANFndtn\" \/>\n<script type=\"application\/ld+json\" class=\"yoast-schema-graph\">{\"@context\":\"https:\\\/\\\/schema.org\",\"@graph\":[{\"@type\":\"WebPage\",\"@id\":\"https:\\\/\\\/www.thescanfoundation.org\\\/people\\\/narda-ipakchi-mba\\\/\",\"url\":\"https:\\\/\\\/www.thescanfoundation.org\\\/people\\\/narda-ipakchi-mba\\\/\",\"name\":\"Narda Ipakchi - The SCAN Foundation\",\"isPartOf\":{\"@id\":\"https:\\\/\\\/www.thescanfoundation.org\\\/#website\"},\"primaryImageOfPage\":{\"@id\":\"https:\\\/\\\/www.thescanfoundation.org\\\/people\\\/narda-ipakchi-mba\\\/#primaryimage\"},\"image\":{\"@id\":\"https:\\\/\\\/www.thescanfoundation.org\\\/people\\\/narda-ipakchi-mba\\\/#primaryimage\"},\"thumbnailUrl\":\"https:\\\/\\\/www.thescanfoundation.org\\\/wp-content\\\/uploads\\\/2022\\\/09\\\/Ipakchi_Narda_Headshot_Transparent_Background.png\",\"datePublished\":\"2022-09-07T03:48:51+00:00\",\"dateModified\":\"2026-02-11T20:38:31+00:00\",\"description\":\"Meet Narda Ipakchi, MBA, Vice President of Policy and Programs. Leading strategic initiatives to transform care and support systems for older adults.\",\"breadcrumb\":{\"@id\":\"https:\\\/\\\/www.thescanfoundation.org\\\/people\\\/narda-ipakchi-mba\\\/#breadcrumb\"},\"inLanguage\":\"es-MX\",\"potentialAction\":[{\"@type\":\"ReadAction\",\"target\":[\"https:\\\/\\\/www.thescanfoundation.org\\\/people\\\/narda-ipakchi-mba\\\/\"]}]},{\"@type\":\"ImageObject\",\"inLanguage\":\"es-MX\",\"@id\":\"https:\\\/\\\/www.thescanfoundation.org\\\/people\\\/narda-ipakchi-mba\\\/#primaryimage\",\"url\":\"https:\\\/\\\/www.thescanfoundation.org\\\/wp-content\\\/uploads\\\/2022\\\/09\\\/Ipakchi_Narda_Headshot_Transparent_Background.png\",\"contentUrl\":\"https:\\\/\\\/www.thescanfoundation.org\\\/wp-content\\\/uploads\\\/2022\\\/09\\\/Ipakchi_Narda_Headshot_Transparent_Background.png\",\"width\":1536,\"height\":1024,\"caption\":\"Narda Ipakchi\"},{\"@type\":\"BreadcrumbList\",\"@id\":\"https:\\\/\\\/www.thescanfoundation.org\\\/people\\\/narda-ipakchi-mba\\\/#breadcrumb\",\"itemListElement\":[{\"@type\":\"ListItem\",\"position\":1,\"name\":\"Home\",\"item\":\"https:\\\/\\\/www.thescanfoundation.org\\\/\"},{\"@type\":\"ListItem\",\"position\":2,\"name\":\"Narda Ipakchi\"}]},{\"@type\":\"WebSite\",\"@id\":\"https:\\\/\\\/www.thescanfoundation.org\\\/#website\",\"url\":\"https:\\\/\\\/www.thescanfoundation.org\\\/\",\"name\":\"The SCAN Foundation\",\"description\":\"\",\"publisher\":{\"@id\":\"https:\\\/\\\/www.thescanfoundation.org\\\/#organization\"},\"potentialAction\":[{\"@type\":\"SearchAction\",\"target\":{\"@type\":\"EntryPoint\",\"urlTemplate\":\"https:\\\/\\\/www.thescanfoundation.org\\\/?s={search_term_string}\"},\"query-input\":{\"@type\":\"PropertyValueSpecification\",\"valueRequired\":true,\"valueName\":\"search_term_string\"}}],\"inLanguage\":\"es-MX\"},{\"@type\":\"Organization\",\"@id\":\"https:\\\/\\\/www.thescanfoundation.org\\\/#organization\",\"name\":\"The SCAN Foundation\",\"url\":\"https:\\\/\\\/www.thescanfoundation.org\\\/\",\"logo\":{\"@type\":\"ImageObject\",\"inLanguage\":\"es-MX\",\"@id\":\"https:\\\/\\\/www.thescanfoundation.org\\\/#\\\/schema\\\/logo\\\/image\\\/\",\"url\":\"https:\\\/\\\/www.thescanfoundation.org\\\/wp-content\\\/uploads\\\/2025\\\/09\\\/tsf-logo.png\",\"contentUrl\":\"https:\\\/\\\/www.thescanfoundation.org\\\/wp-content\\\/uploads\\\/2025\\\/09\\\/tsf-logo.png\",\"width\":696,\"height\":696,\"caption\":\"The SCAN Foundation\"},\"image\":{\"@id\":\"https:\\\/\\\/www.thescanfoundation.org\\\/#\\\/schema\\\/logo\\\/image\\\/\"},\"sameAs\":[\"https:\\\/\\\/x.com\\\/TheSCANFndtn\",\"https:\\\/\\\/www.linkedin.com\\\/company\\\/the-scan-foundation\"]}]}<\/script>\n<!-- \/ Yoast SEO plugin. -->","yoast_head_json":{"title":"Narda Ipakchi - La Fundaci\u00f3n SCAN","description":"Conozca a Narda Ipakchi, MBA, Vicepresidenta de Pol\u00edticas y Programas. Lidera iniciativas estrat\u00e9gicas para transformar los sistemas de atenci\u00f3n.","robots":{"index":"index","follow":"follow","max-snippet":"max-snippet:-1","max-image-preview":"max-image-preview:large","max-video-preview":"max-video-preview:-1"},"canonical":"https:\/\/www.thescanfoundation.org\/es\/gente\/narda-ipakchi-mba\/","og_locale":"es_MX","og_type":"article","og_title":"Narda Ipakchi - The SCAN Foundation","og_description":"Meet Narda Ipakchi, MBA, Vice President of Policy and Programs. Leading strategic initiatives to transform care and support systems for older adults.","og_url":"https:\/\/www.thescanfoundation.org\/es\/gente\/narda-ipakchi-mba\/","og_site_name":"The SCAN Foundation","article_modified_time":"2026-02-11T20:38:31+00:00","og_image":[{"width":1536,"height":1024,"url":"https:\/\/www.thescanfoundation.org\/wp-content\/uploads\/2022\/09\/Ipakchi_Narda_Headshot_Transparent_Background.png","type":"image\/png"}],"twitter_card":"summary_large_image","twitter_site":"@TheSCANFndtn","schema":{"@context":"https:\/\/schema.org","@graph":[{"@type":"WebPage","@id":"https:\/\/www.thescanfoundation.org\/people\/narda-ipakchi-mba\/","url":"https:\/\/www.thescanfoundation.org\/people\/narda-ipakchi-mba\/","name":"Narda Ipakchi - La Fundaci\u00f3n SCAN","isPartOf":{"@id":"https:\/\/www.thescanfoundation.org\/#website"},"primaryImageOfPage":{"@id":"https:\/\/www.thescanfoundation.org\/people\/narda-ipakchi-mba\/#primaryimage"},"image":{"@id":"https:\/\/www.thescanfoundation.org\/people\/narda-ipakchi-mba\/#primaryimage"},"thumbnailUrl":"https:\/\/www.thescanfoundation.org\/wp-content\/uploads\/2022\/09\/Ipakchi_Narda_Headshot_Transparent_Background.png","datePublished":"2022-09-07T03:48:51+00:00","dateModified":"2026-02-11T20:38:31+00:00","description":"Conozca a Narda Ipakchi, MBA, Vicepresidenta de Pol\u00edticas y Programas. Lidera iniciativas estrat\u00e9gicas para transformar los sistemas de atenci\u00f3n.","breadcrumb":{"@id":"https:\/\/www.thescanfoundation.org\/people\/narda-ipakchi-mba\/#breadcrumb"},"inLanguage":"es-MX","potentialAction":[{"@type":"ReadAction","target":["https:\/\/www.thescanfoundation.org\/people\/narda-ipakchi-mba\/"]}]},{"@type":"ImageObject","inLanguage":"es-MX","@id":"https:\/\/www.thescanfoundation.org\/people\/narda-ipakchi-mba\/#primaryimage","url":"https:\/\/www.thescanfoundation.org\/wp-content\/uploads\/2022\/09\/Ipakchi_Narda_Headshot_Transparent_Background.png","contentUrl":"https:\/\/www.thescanfoundation.org\/wp-content\/uploads\/2022\/09\/Ipakchi_Narda_Headshot_Transparent_Background.png","width":1536,"height":1024,"caption":"Narda Ipakchi"},{"@type":"BreadcrumbList","@id":"https:\/\/www.thescanfoundation.org\/people\/narda-ipakchi-mba\/#breadcrumb","itemListElement":[{"@type":"ListItem","position":1,"name":"Home","item":"https:\/\/www.thescanfoundation.org\/"},{"@type":"ListItem","position":2,"name":"Narda Ipakchi"}]},{"@type":"WebSite","@id":"https:\/\/www.thescanfoundation.org\/#website","url":"https:\/\/www.thescanfoundation.org\/","name":"La Fundaci\u00f3n SCAN","description":"","publisher":{"@id":"https:\/\/www.thescanfoundation.org\/#organization"},"potentialAction":[{"@type":"SearchAction","target":{"@type":"EntryPoint","urlTemplate":"https:\/\/www.thescanfoundation.org\/?s={search_term_string}"},"query-input":{"@type":"PropertyValueSpecification","valueRequired":true,"valueName":"search_term_string"}}],"inLanguage":"es-MX"},{"@type":"Organization","@id":"https:\/\/www.thescanfoundation.org\/#organization","name":"La Fundaci\u00f3n SCAN","url":"https:\/\/www.thescanfoundation.org\/","logo":{"@type":"ImageObject","inLanguage":"es-MX","@id":"https:\/\/www.thescanfoundation.org\/#\/schema\/logo\/image\/","url":"https:\/\/www.thescanfoundation.org\/wp-content\/uploads\/2025\/09\/tsf-logo.png","contentUrl":"https:\/\/www.thescanfoundation.org\/wp-content\/uploads\/2025\/09\/tsf-logo.png","width":696,"height":696,"caption":"The SCAN Foundation"},"image":{"@id":"https:\/\/www.thescanfoundation.org\/#\/schema\/logo\/image\/"},"sameAs":["https:\/\/x.com\/TheSCANFndtn","https:\/\/www.linkedin.com\/company\/the-scan-foundation"]}]}},"_links":{"self":[{"href":"https:\/\/www.thescanfoundation.org\/es\/wp-json\/wp\/v2\/person\/1533","targetHints":{"allow":["GET"]}}],"collection":[{"href":"https:\/\/www.thescanfoundation.org\/es\/wp-json\/wp\/v2\/person"}],"about":[{"href":"https:\/\/www.thescanfoundation.org\/es\/wp-json\/wp\/v2\/types\/person"}],"version-history":[{"count":0,"href":"https:\/\/www.thescanfoundation.org\/es\/wp-json\/wp\/v2\/person\/1533\/revisions"}],"wp:featuredmedia":[{"embeddable":true,"href":"https:\/\/www.thescanfoundation.org\/es\/wp-json\/wp\/v2\/media\/4635"}],"wp:attachment":[{"href":"https:\/\/www.thescanfoundation.org\/es\/wp-json\/wp\/v2\/media?parent=1533"}],"curies":[{"name":"wp","href":"https:\/\/api.w.org\/{rel}","templated":true}]}}

Vicepresidente de Políticas y Programas

Narda Ipakchi, MBA, es Vicepresidenta de Políticas y Programas de la Fundación SCAN. Narda es una experimentada profesional en políticas de salud y envejecimiento con amplia experiencia en políticas y programas de apoyo a las personas mayores, incluyendo Medicare, programas integrados de Medicare y Medicaid, y servicios y apoyos a largo plazo. Antes de unirse a la Fundación, se desempeñó como Directora de Políticas de Medicare y Medicaid para el Comité de Envejecimiento del Senado de los Estados Unidos, bajo el liderazgo del presidente Bob Casey, de Pensilvania. En este cargo, asesoró al presidente sobre temas clave que afectan a las personas mayores y a las personas con discapacidad, incluyendo cambios en las políticas de residencias de ancianos, la expansión de los servicios domiciliarios y comunitarios, las reformas de las políticas de medicamentos recetados de Medicare y la integración de Medicare y Medicaid. Antes de incorporarse al Senado, Narda trabajó aproximadamente 15 años en el sector privado, principalmente en consultoría de políticas de Medicare y Medicaid en Avalere Health, Manatt Health y Health Management Associates, donde brindó investigación y análisis cuantitativo y cualitativo de políticas, apoyo a la implementación de proyectos y otros servicios de asesoría a una amplia gama de actores clave del sector salud, incluyendo fundaciones, proveedores, planes de salud, estados y otras organizaciones. Narda obtuvo su Maestría en Administración de Empresas y su Licenciatura en Artes en la Universidad de Maryland, College Park. Cuando no está reflexionando sobre cómo mejorar las políticas de salud y envejecimiento, la puedes encontrar explorando la naturaleza con su esposo y su hija, viajando a algún lugar donde pueda sumergirse en una cultura diferente o pasando el día perfeccionando una receta favorita.

Narda Ipakchi - La Fundación SCAN

Conozca a Narda Ipakchi, MBA, Vicepresidenta de Políticas y Programas. Lidera iniciativas estratégicas para transformar los sistemas de atención.

La Fundación SCAN
