{"id":1556,"date":"2023-07-26T04:15:27","date_gmt":"2023-07-26T04:15:27","guid":{"rendered":"https:\/\/www.thescanfoundation.org\/?post_type=person&#038;p=1556"},"modified":"2025-08-22T06:41:17","modified_gmt":"2025-08-22T13:41:17","slug":"olivia-burns-rsu","status":"publish","type":"person","link":"https:\/\/www.thescanfoundation.org\/es\/people\/olivia-burns-msw\/","title":{"rendered":"Olivia Burns"},"template":"","class_list":["post-1556","person","type-person","status-publish","has-post-thumbnail","hentry","person_type-staff"],"acf":{"details":{"helper_accent_color":"green","":null,"first_name":"Olivia","last_name":"Burns","title":"Analista s\u00e9nior de pol\u00edticas","headshot":1557,"helper_taxonomies":{"priority_tax":false,"location":false,"news-insight_type":false,"resource_type":false,"event_type":false,"person_type":[16],"year_tax":false,"asset_class":false,"investment_type":false,"investment_category":false},"helper_social_links":[{"platform":"email","url":"","email":"OBurns@TheSCANFoundation.org"},{"platform":"linkedin","url":"https:\/\/www.linkedin.com\/in\/olivia-burns-99b2a4bb\/","email":""}]},"page_layout":[{"acf_fc_layout":"layout_wysiwyg","_acfe_flexible_toggle":"","component_wysiwyg":{"content":"Olivia Burns, MSW, se desempe\u00f1a como Analista S\u00e9nior de Pol\u00edticas para la Fundaci\u00f3n SCAN. En este rol, apoya al personal de pol\u00edticas, comunicaciones y programas de la Fundaci\u00f3n mediante el seguimiento y an\u00e1lisis de tendencias en pol\u00edticas federales y estatales, comunicaciones e iniciativas program\u00e1ticas que puedan impactar la continuidad de la atenci\u00f3n para adultos mayores, personas con discapacidades y sus cuidadores familiares. Anteriormente, Olivia se desempe\u00f1\u00f3 como Coordinadora de Aging Texas Well en la Oficina de Coordinaci\u00f3n de Servicios para el Envejecimiento de la Comisi\u00f3n de Salud y Servicios Humanos de Texas, donde analiz\u00f3 las pol\u00edticas estatales y federales sobre envejecimiento y lider\u00f3 el desarrollo del Plan Multisectorial para el Envejecimiento del estado. Olivia tiene una maestr\u00eda en Trabajo Social con \u00e9nfasis en Gerontolog\u00eda y Pr\u00e1ctica Administrativa y Pol\u00edtica de la Escuela de Trabajo Social Steve Hicks de la Universidad de Texas en Austin. Obtuvo su licenciatura en Trabajo Social de la Universidad de la Mujer de Texas. En su tiempo libre, Olivia disfruta de la lectura, la artesan\u00eda y pasar tiempo con su esposo, su perro y sus tres gatos.","":null,"helper_width":"narrow"}}]},"yoast_head":"<!-- This site is optimized with the Yoast SEO plugin v27.4 - https:\/\/yoast.com\/product\/yoast-seo-wordpress\/ -->\n<title>Olivia Burns - The SCAN Foundation<\/title>\n<meta name=\"description\" content=\"Meet Olivia Burns, MSW, Senior Policy Analyst at The SCAN Foundation. Learn about her work in aging policy, health equity, and program analysis.\" \/>\n<meta name=\"robots\" content=\"index, follow, max-snippet:-1, max-image-preview:large, max-video-preview:-1\" \/>\n<link rel=\"canonical\" href=\"https:\/\/www.thescanfoundation.org\/es\/gente\/olivia-burns-rsu\/\" \/>\n<meta property=\"og:locale\" content=\"es_MX\" \/>\n<meta property=\"og:type\" content=\"article\" \/>\n<meta property=\"og:title\" content=\"Olivia Burns - The SCAN Foundation\" \/>\n<meta property=\"og:description\" content=\"Meet Olivia Burns, MSW, Senior Policy Analyst at The SCAN Foundation. Learn about her work in aging policy, health equity, and program analysis.\" \/>\n<meta property=\"og:url\" content=\"https:\/\/www.thescanfoundation.org\/es\/gente\/olivia-burns-rsu\/\" \/>\n<meta property=\"og:site_name\" content=\"The SCAN Foundation\" \/>\n<meta property=\"article:modified_time\" content=\"2025-08-22T13:41:17+00:00\" \/>\n<meta property=\"og:image\" content=\"https:\/\/www.thescanfoundation.org\/wp-content\/uploads\/2025\/08\/Olivia-Burns.png\" \/>\n\t<meta property=\"og:image:width\" content=\"1000\" \/>\n\t<meta property=\"og:image:height\" content=\"1000\" \/>\n\t<meta property=\"og:image:type\" content=\"image\/png\" \/>\n<meta name=\"twitter:card\" content=\"summary_large_image\" \/>\n<meta name=\"twitter:site\" content=\"@TheSCANFndtn\" \/>\n<script type=\"application\/ld+json\" class=\"yoast-schema-graph\">{\"@context\":\"https:\\\/\\\/schema.org\",\"@graph\":[{\"@type\":\"WebPage\",\"@id\":\"https:\\\/\\\/www.thescanfoundation.org\\\/people\\\/olivia-burns-msw\\\/\",\"url\":\"https:\\\/\\\/www.thescanfoundation.org\\\/people\\\/olivia-burns-msw\\\/\",\"name\":\"Olivia Burns - The SCAN Foundation\",\"isPartOf\":{\"@id\":\"https:\\\/\\\/www.thescanfoundation.org\\\/#website\"},\"primaryImageOfPage\":{\"@id\":\"https:\\\/\\\/www.thescanfoundation.org\\\/people\\\/olivia-burns-msw\\\/#primaryimage\"},\"image\":{\"@id\":\"https:\\\/\\\/www.thescanfoundation.org\\\/people\\\/olivia-burns-msw\\\/#primaryimage\"},\"thumbnailUrl\":\"https:\\\/\\\/www.thescanfoundation.org\\\/wp-content\\\/uploads\\\/2025\\\/08\\\/Olivia-Burns.png\",\"datePublished\":\"2023-07-26T04:15:27+00:00\",\"dateModified\":\"2025-08-22T13:41:17+00:00\",\"description\":\"Meet Olivia Burns, MSW, Senior Policy Analyst at The SCAN Foundation. Learn about her work in aging policy, health equity, and program analysis.\",\"breadcrumb\":{\"@id\":\"https:\\\/\\\/www.thescanfoundation.org\\\/people\\\/olivia-burns-msw\\\/#breadcrumb\"},\"inLanguage\":\"es-MX\",\"potentialAction\":[{\"@type\":\"ReadAction\",\"target\":[\"https:\\\/\\\/www.thescanfoundation.org\\\/people\\\/olivia-burns-msw\\\/\"]}]},{\"@type\":\"ImageObject\",\"inLanguage\":\"es-MX\",\"@id\":\"https:\\\/\\\/www.thescanfoundation.org\\\/people\\\/olivia-burns-msw\\\/#primaryimage\",\"url\":\"https:\\\/\\\/www.thescanfoundation.org\\\/wp-content\\\/uploads\\\/2025\\\/08\\\/Olivia-Burns.png\",\"contentUrl\":\"https:\\\/\\\/www.thescanfoundation.org\\\/wp-content\\\/uploads\\\/2025\\\/08\\\/Olivia-Burns.png\",\"width\":1000,\"height\":1000,\"caption\":\"Olivia Burns headshot image with a transparent background\"},{\"@type\":\"BreadcrumbList\",\"@id\":\"https:\\\/\\\/www.thescanfoundation.org\\\/people\\\/olivia-burns-msw\\\/#breadcrumb\",\"itemListElement\":[{\"@type\":\"ListItem\",\"position\":1,\"name\":\"Home\",\"item\":\"https:\\\/\\\/www.thescanfoundation.org\\\/\"},{\"@type\":\"ListItem\",\"position\":2,\"name\":\"Olivia Burns\"}]},{\"@type\":\"WebSite\",\"@id\":\"https:\\\/\\\/www.thescanfoundation.org\\\/#website\",\"url\":\"https:\\\/\\\/www.thescanfoundation.org\\\/\",\"name\":\"The SCAN Foundation\",\"description\":\"\",\"publisher\":{\"@id\":\"https:\\\/\\\/www.thescanfoundation.org\\\/#organization\"},\"potentialAction\":[{\"@type\":\"SearchAction\",\"target\":{\"@type\":\"EntryPoint\",\"urlTemplate\":\"https:\\\/\\\/www.thescanfoundation.org\\\/?s={search_term_string}\"},\"query-input\":{\"@type\":\"PropertyValueSpecification\",\"valueRequired\":true,\"valueName\":\"search_term_string\"}}],\"inLanguage\":\"es-MX\"},{\"@type\":\"Organization\",\"@id\":\"https:\\\/\\\/www.thescanfoundation.org\\\/#organization\",\"name\":\"The SCAN Foundation\",\"url\":\"https:\\\/\\\/www.thescanfoundation.org\\\/\",\"logo\":{\"@type\":\"ImageObject\",\"inLanguage\":\"es-MX\",\"@id\":\"https:\\\/\\\/www.thescanfoundation.org\\\/#\\\/schema\\\/logo\\\/image\\\/\",\"url\":\"https:\\\/\\\/www.thescanfoundation.org\\\/wp-content\\\/uploads\\\/2025\\\/09\\\/tsf-logo.png\",\"contentUrl\":\"https:\\\/\\\/www.thescanfoundation.org\\\/wp-content\\\/uploads\\\/2025\\\/09\\\/tsf-logo.png\",\"width\":696,\"height\":696,\"caption\":\"The SCAN Foundation\"},\"image\":{\"@id\":\"https:\\\/\\\/www.thescanfoundation.org\\\/#\\\/schema\\\/logo\\\/image\\\/\"},\"sameAs\":[\"https:\\\/\\\/x.com\\\/TheSCANFndtn\",\"https:\\\/\\\/www.linkedin.com\\\/company\\\/the-scan-foundation\"]}]}<\/script>\n<!-- \/ Yoast SEO plugin. -->","yoast_head_json":{"title":"Olivia Burns - La Fundaci\u00f3n SCAN","description":"Conozca a Olivia Burns, Analista S\u00e9nior de Pol\u00edticas. Descubra su trabajo en la Fundaci\u00f3n SCAN enfocado en pol\u00edticas de envejecimiento y equidad en salud.","robots":{"index":"index","follow":"follow","max-snippet":"max-snippet:-1","max-image-preview":"max-image-preview:large","max-video-preview":"max-video-preview:-1"},"canonical":"https:\/\/www.thescanfoundation.org\/es\/gente\/olivia-burns-rsu\/","og_locale":"es_MX","og_type":"article","og_title":"Olivia Burns - The SCAN Foundation","og_description":"Meet Olivia Burns, MSW, Senior Policy Analyst at The SCAN Foundation. Learn about her work in aging policy, health equity, and program analysis.","og_url":"https:\/\/www.thescanfoundation.org\/es\/gente\/olivia-burns-rsu\/","og_site_name":"The SCAN Foundation","article_modified_time":"2025-08-22T13:41:17+00:00","og_image":[{"width":1000,"height":1000,"url":"https:\/\/www.thescanfoundation.org\/wp-content\/uploads\/2025\/08\/Olivia-Burns.png","type":"image\/png"}],"twitter_card":"summary_large_image","twitter_site":"@TheSCANFndtn","schema":{"@context":"https:\/\/schema.org","@graph":[{"@type":"WebPage","@id":"https:\/\/www.thescanfoundation.org\/people\/olivia-burns-msw\/","url":"https:\/\/www.thescanfoundation.org\/people\/olivia-burns-msw\/","name":"Olivia Burns - La Fundaci\u00f3n SCAN","isPartOf":{"@id":"https:\/\/www.thescanfoundation.org\/#website"},"primaryImageOfPage":{"@id":"https:\/\/www.thescanfoundation.org\/people\/olivia-burns-msw\/#primaryimage"},"image":{"@id":"https:\/\/www.thescanfoundation.org\/people\/olivia-burns-msw\/#primaryimage"},"thumbnailUrl":"https:\/\/www.thescanfoundation.org\/wp-content\/uploads\/2025\/08\/Olivia-Burns.png","datePublished":"2023-07-26T04:15:27+00:00","dateModified":"2025-08-22T13:41:17+00:00","description":"Conozca a Olivia Burns, Analista S\u00e9nior de Pol\u00edticas. Descubra su trabajo en la Fundaci\u00f3n SCAN enfocado en pol\u00edticas de envejecimiento y equidad en salud.","breadcrumb":{"@id":"https:\/\/www.thescanfoundation.org\/people\/olivia-burns-msw\/#breadcrumb"},"inLanguage":"es-MX","potentialAction":[{"@type":"ReadAction","target":["https:\/\/www.thescanfoundation.org\/people\/olivia-burns-msw\/"]}]},{"@type":"ImageObject","inLanguage":"es-MX","@id":"https:\/\/www.thescanfoundation.org\/people\/olivia-burns-msw\/#primaryimage","url":"https:\/\/www.thescanfoundation.org\/wp-content\/uploads\/2025\/08\/Olivia-Burns.png","contentUrl":"https:\/\/www.thescanfoundation.org\/wp-content\/uploads\/2025\/08\/Olivia-Burns.png","width":1000,"height":1000,"caption":"Olivia Burns headshot image with a transparent background"},{"@type":"BreadcrumbList","@id":"https:\/\/www.thescanfoundation.org\/people\/olivia-burns-msw\/#breadcrumb","itemListElement":[{"@type":"ListItem","position":1,"name":"Home","item":"https:\/\/www.thescanfoundation.org\/"},{"@type":"ListItem","position":2,"name":"Olivia Burns"}]},{"@type":"WebSite","@id":"https:\/\/www.thescanfoundation.org\/#website","url":"https:\/\/www.thescanfoundation.org\/","name":"La Fundaci\u00f3n SCAN","description":"","publisher":{"@id":"https:\/\/www.thescanfoundation.org\/#organization"},"potentialAction":[{"@type":"SearchAction","target":{"@type":"EntryPoint","urlTemplate":"https:\/\/www.thescanfoundation.org\/?s={search_term_string}"},"query-input":{"@type":"PropertyValueSpecification","valueRequired":true,"valueName":"search_term_string"}}],"inLanguage":"es-MX"},{"@type":"Organization","@id":"https:\/\/www.thescanfoundation.org\/#organization","name":"La Fundaci\u00f3n SCAN","url":"https:\/\/www.thescanfoundation.org\/","logo":{"@type":"ImageObject","inLanguage":"es-MX","@id":"https:\/\/www.thescanfoundation.org\/#\/schema\/logo\/image\/","url":"https:\/\/www.thescanfoundation.org\/wp-content\/uploads\/2025\/09\/tsf-logo.png","contentUrl":"https:\/\/www.thescanfoundation.org\/wp-content\/uploads\/2025\/09\/tsf-logo.png","width":696,"height":696,"caption":"The SCAN Foundation"},"image":{"@id":"https:\/\/www.thescanfoundation.org\/#\/schema\/logo\/image\/"},"sameAs":["https:\/\/x.com\/TheSCANFndtn","https:\/\/www.linkedin.com\/company\/the-scan-foundation"]}]}},"_links":{"self":[{"href":"https:\/\/www.thescanfoundation.org\/es\/wp-json\/wp\/v2\/person\/1556","targetHints":{"allow":["GET"]}}],"collection":[{"href":"https:\/\/www.thescanfoundation.org\/es\/wp-json\/wp\/v2\/person"}],"about":[{"href":"https:\/\/www.thescanfoundation.org\/es\/wp-json\/wp\/v2\/types\/person"}],"version-history":[{"count":0,"href":"https:\/\/www.thescanfoundation.org\/es\/wp-json\/wp\/v2\/person\/1556\/revisions"}],"wp:featuredmedia":[{"embeddable":true,"href":"https:\/\/www.thescanfoundation.org\/es\/wp-json\/wp\/v2\/media\/1557"}],"wp:attachment":[{"href":"https:\/\/www.thescanfoundation.org\/es\/wp-json\/wp\/v2\/media?parent=1556"}],"curies":[{"name":"wp","href":"https:\/\/api.w.org\/{rel}","templated":true}]}}

Analista sénior de políticas

Olivia Burns, MSW, se desempeña como Analista Sénior de Políticas para la Fundación SCAN. En este rol, apoya al personal de políticas, comunicaciones y programas de la Fundación mediante el seguimiento y análisis de tendencias en políticas federales y estatales, comunicaciones e iniciativas programáticas que puedan impactar la continuidad de la atención para adultos mayores, personas con discapacidades y sus cuidadores familiares. Anteriormente, Olivia se desempeñó como Coordinadora de Aging Texas Well en la Oficina de Coordinación de Servicios para el Envejecimiento de la Comisión de Salud y Servicios Humanos de Texas, donde analizó las políticas estatales y federales sobre envejecimiento y lideró el desarrollo del Plan Multisectorial para el Envejecimiento del estado. Olivia tiene una maestría en Trabajo Social con énfasis en Gerontología y Práctica Administrativa y Política de la Escuela de Trabajo Social Steve Hicks de la Universidad de Texas en Austin. Obtuvo su licenciatura en Trabajo Social de la Universidad de la Mujer de Texas. En su tiempo libre, Olivia disfruta de la lectura, la artesanía y pasar tiempo con su esposo, su perro y sus tres gatos.

Olivia Burns - La Fundación SCAN

Conozca a Olivia Burns, Analista Sénior de Políticas. Descubra su trabajo en la Fundación SCAN enfocado en políticas de envejecimiento y equidad en salud.

La Fundación SCAN
