{"id":1577,"date":"2019-08-08T04:44:37","date_gmt":"2019-08-08T04:44:37","guid":{"rendered":"https:\/\/www.thescanfoundation.org\/?post_type=person&#038;p=1577"},"modified":"2025-10-01T12:05:59","modified_gmt":"2025-10-01T19:05:59","slug":"kali-peterson-ms-mpa","status":"publish","type":"person","link":"https:\/\/www.thescanfoundation.org\/es\/people\/kali-peterson-ms-mpa\/","title":{"rendered":"Kali Peterson"},"template":"","class_list":["post-1577","person","type-person","status-publish","has-post-thumbnail","hentry","person_type-staff"],"acf":{"details":{"helper_accent_color":"blue","":null,"first_name":"Kali","last_name":"Peterson","title":"Director de Pol\u00edticas y Programas","headshot":1578,"helper_taxonomies":{"priority_tax":false,"location":false,"news-insight_type":false,"resource_type":false,"event_type":false,"person_type":[16],"year_tax":false,"asset_class":false,"investment_type":false,"investment_category":false},"helper_social_links":[{"platform":"email","url":"","email":"KPeterson@TheSCANFoundation.org"},{"platform":"linkedin","url":"https:\/\/www.linkedin.com\/in\/kali-peterson-42068a216\/","email":""}]},"page_layout":[{"acf_fc_layout":"layout_wysiwyg","_acfe_flexible_toggle":"","component_wysiwyg":{"content":"Kali Peterson, MS, MPA, se desempe\u00f1a como Directora de Pol\u00edticas y Programas en la Fundaci\u00f3n SCAN. En este puesto, supervisa una cartera de subvenciones centrada en la financiaci\u00f3n de la atenci\u00f3n a largo plazo y en el fomento de la atenci\u00f3n integral y centrada en la persona para poblaciones con necesidades de atenci\u00f3n complejas. Su experiencia incluye la gesti\u00f3n de proyectos, la administraci\u00f3n p\u00fablica y el an\u00e1lisis de pol\u00edticas con el Departamento de Asuntos Econ\u00f3micos y Sociales de las Naciones Unidas, la Conferencia de la Casa Blanca sobre el Envejecimiento de 2005 y el Centro de Investigaci\u00f3n, Educaci\u00f3n y Cl\u00ednica Geri\u00e1trica del Departamento de Asuntos de Veteranos. Kali posee una Maestr\u00eda en Ciencias en Gerontolog\u00eda de la Escuela de Gerontolog\u00eda Davis de la USC y una Maestr\u00eda en Administraci\u00f3n P\u00fablica de la Escuela de Pol\u00edticas P\u00fablicas Price de la USC. Tambi\u00e9n obtuvo una licenciatura en Comunicaci\u00f3n Social en la Universidad de California, Berkeley. <span data-teams=\"true\">A Kali le gusta la fotograf\u00eda y viajar con su marido y sus hijos gemelos.<\/span>","":null,"helper_width":"narrow"}}]},"yoast_head":"<!-- This site is optimized with the Yoast SEO plugin v27.4 - https:\/\/yoast.com\/product\/yoast-seo-wordpress\/ -->\n<title>Kali Peterson - The SCAN Foundation<\/title>\n<meta name=\"description\" content=\"Meet Kali Peterson, MS, MPA, Director of Policy and Programs. Leading programmatic strategies to improve the lives of older adults and caregivers.\" \/>\n<meta name=\"robots\" content=\"index, follow, max-snippet:-1, max-image-preview:large, max-video-preview:-1\" \/>\n<link rel=\"canonical\" href=\"https:\/\/www.thescanfoundation.org\/es\/gente\/kali-peterson-ms-mpa\/\" \/>\n<meta property=\"og:locale\" content=\"es_MX\" \/>\n<meta property=\"og:type\" content=\"article\" \/>\n<meta property=\"og:title\" content=\"Kali Peterson - The SCAN Foundation\" \/>\n<meta property=\"og:description\" content=\"Meet Kali Peterson, MS, MPA, Director of Policy and Programs. Leading programmatic strategies to improve the lives of older adults and caregivers.\" \/>\n<meta property=\"og:url\" content=\"https:\/\/www.thescanfoundation.org\/es\/gente\/kali-peterson-ms-mpa\/\" \/>\n<meta property=\"og:site_name\" content=\"The SCAN Foundation\" \/>\n<meta property=\"article:modified_time\" content=\"2025-10-01T19:05:59+00:00\" \/>\n<meta property=\"og:image\" content=\"https:\/\/www.thescanfoundation.org\/wp-content\/uploads\/2025\/08\/Kali-Peterson.png\" \/>\n\t<meta property=\"og:image:width\" content=\"1000\" \/>\n\t<meta property=\"og:image:height\" content=\"1000\" \/>\n\t<meta property=\"og:image:type\" content=\"image\/png\" \/>\n<meta name=\"twitter:card\" content=\"summary_large_image\" \/>\n<meta name=\"twitter:site\" content=\"@TheSCANFndtn\" \/>\n<script type=\"application\/ld+json\" class=\"yoast-schema-graph\">{\"@context\":\"https:\\\/\\\/schema.org\",\"@graph\":[{\"@type\":\"WebPage\",\"@id\":\"https:\\\/\\\/www.thescanfoundation.org\\\/people\\\/kali-peterson-ms-mpa\\\/\",\"url\":\"https:\\\/\\\/www.thescanfoundation.org\\\/people\\\/kali-peterson-ms-mpa\\\/\",\"name\":\"Kali Peterson - The SCAN Foundation\",\"isPartOf\":{\"@id\":\"https:\\\/\\\/www.thescanfoundation.org\\\/#website\"},\"primaryImageOfPage\":{\"@id\":\"https:\\\/\\\/www.thescanfoundation.org\\\/people\\\/kali-peterson-ms-mpa\\\/#primaryimage\"},\"image\":{\"@id\":\"https:\\\/\\\/www.thescanfoundation.org\\\/people\\\/kali-peterson-ms-mpa\\\/#primaryimage\"},\"thumbnailUrl\":\"https:\\\/\\\/www.thescanfoundation.org\\\/wp-content\\\/uploads\\\/2025\\\/08\\\/Kali-Peterson.png\",\"datePublished\":\"2019-08-08T04:44:37+00:00\",\"dateModified\":\"2025-10-01T19:05:59+00:00\",\"description\":\"Meet Kali Peterson, MS, MPA, Director of Policy and Programs. Leading programmatic strategies to improve the lives of older adults and caregivers.\",\"breadcrumb\":{\"@id\":\"https:\\\/\\\/www.thescanfoundation.org\\\/people\\\/kali-peterson-ms-mpa\\\/#breadcrumb\"},\"inLanguage\":\"es-MX\",\"potentialAction\":[{\"@type\":\"ReadAction\",\"target\":[\"https:\\\/\\\/www.thescanfoundation.org\\\/people\\\/kali-peterson-ms-mpa\\\/\"]}]},{\"@type\":\"ImageObject\",\"inLanguage\":\"es-MX\",\"@id\":\"https:\\\/\\\/www.thescanfoundation.org\\\/people\\\/kali-peterson-ms-mpa\\\/#primaryimage\",\"url\":\"https:\\\/\\\/www.thescanfoundation.org\\\/wp-content\\\/uploads\\\/2025\\\/08\\\/Kali-Peterson.png\",\"contentUrl\":\"https:\\\/\\\/www.thescanfoundation.org\\\/wp-content\\\/uploads\\\/2025\\\/08\\\/Kali-Peterson.png\",\"width\":1000,\"height\":1000,\"caption\":\"Kali Peterson headshot image with a transparent background\"},{\"@type\":\"BreadcrumbList\",\"@id\":\"https:\\\/\\\/www.thescanfoundation.org\\\/people\\\/kali-peterson-ms-mpa\\\/#breadcrumb\",\"itemListElement\":[{\"@type\":\"ListItem\",\"position\":1,\"name\":\"Home\",\"item\":\"https:\\\/\\\/www.thescanfoundation.org\\\/\"},{\"@type\":\"ListItem\",\"position\":2,\"name\":\"Kali Peterson\"}]},{\"@type\":\"WebSite\",\"@id\":\"https:\\\/\\\/www.thescanfoundation.org\\\/#website\",\"url\":\"https:\\\/\\\/www.thescanfoundation.org\\\/\",\"name\":\"The SCAN Foundation\",\"description\":\"\",\"publisher\":{\"@id\":\"https:\\\/\\\/www.thescanfoundation.org\\\/#organization\"},\"potentialAction\":[{\"@type\":\"SearchAction\",\"target\":{\"@type\":\"EntryPoint\",\"urlTemplate\":\"https:\\\/\\\/www.thescanfoundation.org\\\/?s={search_term_string}\"},\"query-input\":{\"@type\":\"PropertyValueSpecification\",\"valueRequired\":true,\"valueName\":\"search_term_string\"}}],\"inLanguage\":\"es-MX\"},{\"@type\":\"Organization\",\"@id\":\"https:\\\/\\\/www.thescanfoundation.org\\\/#organization\",\"name\":\"The SCAN Foundation\",\"url\":\"https:\\\/\\\/www.thescanfoundation.org\\\/\",\"logo\":{\"@type\":\"ImageObject\",\"inLanguage\":\"es-MX\",\"@id\":\"https:\\\/\\\/www.thescanfoundation.org\\\/#\\\/schema\\\/logo\\\/image\\\/\",\"url\":\"https:\\\/\\\/www.thescanfoundation.org\\\/wp-content\\\/uploads\\\/2025\\\/09\\\/tsf-logo.png\",\"contentUrl\":\"https:\\\/\\\/www.thescanfoundation.org\\\/wp-content\\\/uploads\\\/2025\\\/09\\\/tsf-logo.png\",\"width\":696,\"height\":696,\"caption\":\"The SCAN Foundation\"},\"image\":{\"@id\":\"https:\\\/\\\/www.thescanfoundation.org\\\/#\\\/schema\\\/logo\\\/image\\\/\"},\"sameAs\":[\"https:\\\/\\\/x.com\\\/TheSCANFndtn\",\"https:\\\/\\\/www.linkedin.com\\\/company\\\/the-scan-foundation\"]}]}<\/script>\n<!-- \/ Yoast SEO plugin. -->","yoast_head_json":{"title":"Kali Peterson - La Fundaci\u00f3n SCAN","description":"Conozca a Kali Peterson, MS, MPA, Directora de Pol\u00edticas y Programas. Lidera estrategias para mejorar la vida de los adultos mayores y cuidadores.","robots":{"index":"index","follow":"follow","max-snippet":"max-snippet:-1","max-image-preview":"max-image-preview:large","max-video-preview":"max-video-preview:-1"},"canonical":"https:\/\/www.thescanfoundation.org\/es\/gente\/kali-peterson-ms-mpa\/","og_locale":"es_MX","og_type":"article","og_title":"Kali Peterson - The SCAN Foundation","og_description":"Meet Kali Peterson, MS, MPA, Director of Policy and Programs. Leading programmatic strategies to improve the lives of older adults and caregivers.","og_url":"https:\/\/www.thescanfoundation.org\/es\/gente\/kali-peterson-ms-mpa\/","og_site_name":"The SCAN Foundation","article_modified_time":"2025-10-01T19:05:59+00:00","og_image":[{"width":1000,"height":1000,"url":"https:\/\/www.thescanfoundation.org\/wp-content\/uploads\/2025\/08\/Kali-Peterson.png","type":"image\/png"}],"twitter_card":"summary_large_image","twitter_site":"@TheSCANFndtn","schema":{"@context":"https:\/\/schema.org","@graph":[{"@type":"WebPage","@id":"https:\/\/www.thescanfoundation.org\/people\/kali-peterson-ms-mpa\/","url":"https:\/\/www.thescanfoundation.org\/people\/kali-peterson-ms-mpa\/","name":"Kali Peterson - La Fundaci\u00f3n SCAN","isPartOf":{"@id":"https:\/\/www.thescanfoundation.org\/#website"},"primaryImageOfPage":{"@id":"https:\/\/www.thescanfoundation.org\/people\/kali-peterson-ms-mpa\/#primaryimage"},"image":{"@id":"https:\/\/www.thescanfoundation.org\/people\/kali-peterson-ms-mpa\/#primaryimage"},"thumbnailUrl":"https:\/\/www.thescanfoundation.org\/wp-content\/uploads\/2025\/08\/Kali-Peterson.png","datePublished":"2019-08-08T04:44:37+00:00","dateModified":"2025-10-01T19:05:59+00:00","description":"Conozca a Kali Peterson, MS, MPA, Directora de Pol\u00edticas y Programas. Lidera estrategias para mejorar la vida de los adultos mayores y cuidadores.","breadcrumb":{"@id":"https:\/\/www.thescanfoundation.org\/people\/kali-peterson-ms-mpa\/#breadcrumb"},"inLanguage":"es-MX","potentialAction":[{"@type":"ReadAction","target":["https:\/\/www.thescanfoundation.org\/people\/kali-peterson-ms-mpa\/"]}]},{"@type":"ImageObject","inLanguage":"es-MX","@id":"https:\/\/www.thescanfoundation.org\/people\/kali-peterson-ms-mpa\/#primaryimage","url":"https:\/\/www.thescanfoundation.org\/wp-content\/uploads\/2025\/08\/Kali-Peterson.png","contentUrl":"https:\/\/www.thescanfoundation.org\/wp-content\/uploads\/2025\/08\/Kali-Peterson.png","width":1000,"height":1000,"caption":"Kali Peterson headshot image with a transparent background"},{"@type":"BreadcrumbList","@id":"https:\/\/www.thescanfoundation.org\/people\/kali-peterson-ms-mpa\/#breadcrumb","itemListElement":[{"@type":"ListItem","position":1,"name":"Home","item":"https:\/\/www.thescanfoundation.org\/"},{"@type":"ListItem","position":2,"name":"Kali Peterson"}]},{"@type":"WebSite","@id":"https:\/\/www.thescanfoundation.org\/#website","url":"https:\/\/www.thescanfoundation.org\/","name":"La Fundaci\u00f3n SCAN","description":"","publisher":{"@id":"https:\/\/www.thescanfoundation.org\/#organization"},"potentialAction":[{"@type":"SearchAction","target":{"@type":"EntryPoint","urlTemplate":"https:\/\/www.thescanfoundation.org\/?s={search_term_string}"},"query-input":{"@type":"PropertyValueSpecification","valueRequired":true,"valueName":"search_term_string"}}],"inLanguage":"es-MX"},{"@type":"Organization","@id":"https:\/\/www.thescanfoundation.org\/#organization","name":"La Fundaci\u00f3n SCAN","url":"https:\/\/www.thescanfoundation.org\/","logo":{"@type":"ImageObject","inLanguage":"es-MX","@id":"https:\/\/www.thescanfoundation.org\/#\/schema\/logo\/image\/","url":"https:\/\/www.thescanfoundation.org\/wp-content\/uploads\/2025\/09\/tsf-logo.png","contentUrl":"https:\/\/www.thescanfoundation.org\/wp-content\/uploads\/2025\/09\/tsf-logo.png","width":696,"height":696,"caption":"The SCAN Foundation"},"image":{"@id":"https:\/\/www.thescanfoundation.org\/#\/schema\/logo\/image\/"},"sameAs":["https:\/\/x.com\/TheSCANFndtn","https:\/\/www.linkedin.com\/company\/the-scan-foundation"]}]}},"_links":{"self":[{"href":"https:\/\/www.thescanfoundation.org\/es\/wp-json\/wp\/v2\/person\/1577","targetHints":{"allow":["GET"]}}],"collection":[{"href":"https:\/\/www.thescanfoundation.org\/es\/wp-json\/wp\/v2\/person"}],"about":[{"href":"https:\/\/www.thescanfoundation.org\/es\/wp-json\/wp\/v2\/types\/person"}],"version-history":[{"count":0,"href":"https:\/\/www.thescanfoundation.org\/es\/wp-json\/wp\/v2\/person\/1577\/revisions"}],"wp:featuredmedia":[{"embeddable":true,"href":"https:\/\/www.thescanfoundation.org\/es\/wp-json\/wp\/v2\/media\/1578"}],"wp:attachment":[{"href":"https:\/\/www.thescanfoundation.org\/es\/wp-json\/wp\/v2\/media?parent=1577"}],"curies":[{"name":"wp","href":"https:\/\/api.w.org\/{rel}","templated":true}]}}

Director de Políticas y Programas

Kali Peterson, MS, MPA, se desempeña como Directora de Políticas y Programas en la Fundación SCAN. En este puesto, supervisa una cartera de subvenciones centrada en la financiación de la atención a largo plazo y en el fomento de la atención integral y centrada en la persona para poblaciones con necesidades de atención complejas. Su experiencia incluye la gestión de proyectos, la administración pública y el análisis de políticas con el Departamento de Asuntos Económicos y Sociales de las Naciones Unidas, la Conferencia de la Casa Blanca sobre el Envejecimiento de 2005 y el Centro de Investigación, Educación y Clínica Geriátrica del Departamento de Asuntos de Veteranos. Kali posee una Maestría en Ciencias en Gerontología de la Escuela de Gerontología Davis de la USC y una Maestría en Administración Pública de la Escuela de Políticas Públicas Price de la USC. También obtuvo una licenciatura en Comunicación Social en la Universidad de California, Berkeley. <span data-teams="true">A Kali le gusta la fotografía y viajar con su marido y sus hijos gemelos.</span>

Kali Peterson - La Fundación SCAN

Conozca a Kali Peterson, MS, MPA, Directora de Políticas y Programas. Lidera estrategias para mejorar la vida de los adultos mayores y cuidadores.

La Fundación SCAN
