{"id":1395,"date":"2023-06-16T10:00:01","date_gmt":"2023-06-16T10:00:01","guid":{"rendered":"https:\/\/www.thescanfoundation.org\/resource\/for-people-50-care-preferences-matter\/"},"modified":"2025-09-18T01:22:53","modified_gmt":"2025-09-18T08:22:53","slug":"para-las-personas-mayores-de-50-anos-las-preferencias-de-atencion-importan","status":"publish","type":"resource","link":"https:\/\/www.thescanfoundation.org\/es\/resource\/for-people-50-care-preferences-matter\/","title":{"rendered":"Para personas mayores de 50 a\u00f1os: las preferencias de atenci\u00f3n importan"},"template":"","class_list":["post-1395","resource","type-resource","status-publish","has-post-thumbnail","hentry","location-national","resource_type-report"],"acf":{"details":{"helper_accent_color":"yellow","helper_taxonomies":{"priority_tax":[50],"location":[11],"news-insight_type":[55],"resource_type":[21],"event_type":false,"person_type":false,"year_tax":false,"asset_class":false,"investment_type":false,"investment_category":false},"tsf_resource":false,"helper_authors":null,"abstract":"Adults 50+ feel their care preferences are being considered more often, but stark racial, economic, and geographic inequities remain.","featured_image":2599,"":null,"file_download":"","download_link_text":""},"page_layout":[{"acf_fc_layout":"layout_wysiwyg","_acfe_flexible_toggle":"","component_wysiwyg":{"content":"En un an\u00e1lisis exhaustivo de las preferencias de cuidado de los adultos mayores, el Dr. Marc Cohen y su equipo del Centro LeadingAge LTSS @UMass Boston y Community Catalyst, con financiaci\u00f3n de la Fundaci\u00f3n SCAN, descubrieron que, desde 2020, un mayor n\u00famero de adultos mayores siente que sus preferencias de cuidado se suelen tener en cuenta, pero sus experiencias var\u00edan, lo que pone de manifiesto las desigualdades. Estas desigualdades trascienden la raza\/etnia, la edad, los ingresos, el tipo de seguro, el estado civil\/de pareja y la ubicaci\u00f3n.\r\n\r\n<a href=\"https:\/\/www.thescanfoundation.org\/wp-content\/uploads\/2023\/06\/2023-6-14-TSF-Care-Preferences-Chart-Pack_FINAL.pdf\" target=\"_blank\" rel=\"noopener\"><strong>VER LIBRO DE CARTAS<\/strong><\/a>","":null,"helper_width":"narrow"}},{"acf_fc_layout":"layout_resources_collection","_acfe_flexible_toggle":"","component_resources_collection":{"heading":"","resources":""}}]},"yoast_head":"<!-- This site is optimized with the Yoast SEO plugin v27.4 - https:\/\/yoast.com\/product\/yoast-seo-wordpress\/ -->\n<title>For People 50+: Care Preferences Matter - The SCAN Foundation<\/title>\n<meta name=\"description\" content=\"For People 50+: Care Preferences Matter. Research on what older adults prioritize when choosing long-term care and support services.\" \/>\n<meta name=\"robots\" content=\"index, follow, max-snippet:-1, max-image-preview:large, max-video-preview:-1\" \/>\n<link rel=\"canonical\" href=\"https:\/\/www.thescanfoundation.org\/es\/recurso\/para-las-personas-mayores-de-50-anos-las-preferencias-de-atencion-importan\/\" \/>\n<meta property=\"og:locale\" content=\"es_MX\" \/>\n<meta property=\"og:type\" content=\"article\" \/>\n<meta property=\"og:title\" content=\"For People 50+: Care Preferences Matter - The SCAN Foundation\" \/>\n<meta property=\"og:description\" content=\"For People 50+: Care Preferences Matter. Research on what older adults prioritize when choosing long-term care and support services.\" \/>\n<meta property=\"og:url\" content=\"https:\/\/www.thescanfoundation.org\/es\/recurso\/para-las-personas-mayores-de-50-anos-las-preferencias-de-atencion-importan\/\" \/>\n<meta property=\"og:site_name\" content=\"The SCAN Foundation\" \/>\n<meta property=\"article:modified_time\" content=\"2025-09-18T08:22:53+00:00\" \/>\n<meta property=\"og:image\" content=\"https:\/\/www.thescanfoundation.org\/wp-content\/uploads\/2025\/08\/iStock-1311594965-scaled.jpg\" \/>\n\t<meta property=\"og:image:width\" content=\"2560\" \/>\n\t<meta property=\"og:image:height\" content=\"1707\" \/>\n\t<meta property=\"og:image:type\" content=\"image\/jpeg\" \/>\n<meta name=\"twitter:card\" content=\"summary_large_image\" \/>\n<meta name=\"twitter:site\" content=\"@TheSCANFndtn\" \/>\n<script type=\"application\/ld+json\" class=\"yoast-schema-graph\">{\"@context\":\"https:\\\/\\\/schema.org\",\"@graph\":[{\"@type\":\"WebPage\",\"@id\":\"https:\\\/\\\/www.thescanfoundation.org\\\/resource\\\/for-people-50-care-preferences-matter\\\/\",\"url\":\"https:\\\/\\\/www.thescanfoundation.org\\\/resource\\\/for-people-50-care-preferences-matter\\\/\",\"name\":\"For People 50+: Care Preferences Matter - The SCAN Foundation\",\"isPartOf\":{\"@id\":\"https:\\\/\\\/www.thescanfoundation.org\\\/#website\"},\"primaryImageOfPage\":{\"@id\":\"https:\\\/\\\/www.thescanfoundation.org\\\/resource\\\/for-people-50-care-preferences-matter\\\/#primaryimage\"},\"image\":{\"@id\":\"https:\\\/\\\/www.thescanfoundation.org\\\/resource\\\/for-people-50-care-preferences-matter\\\/#primaryimage\"},\"thumbnailUrl\":\"https:\\\/\\\/www.thescanfoundation.org\\\/wp-content\\\/uploads\\\/2025\\\/08\\\/iStock-1311594965-scaled.jpg\",\"datePublished\":\"2023-06-16T10:00:01+00:00\",\"dateModified\":\"2025-09-18T08:22:53+00:00\",\"description\":\"For People 50+: Care Preferences Matter. Research on what older adults prioritize when choosing long-term care and support services.\",\"breadcrumb\":{\"@id\":\"https:\\\/\\\/www.thescanfoundation.org\\\/resource\\\/for-people-50-care-preferences-matter\\\/#breadcrumb\"},\"inLanguage\":\"es-MX\",\"potentialAction\":[{\"@type\":\"ReadAction\",\"target\":[\"https:\\\/\\\/www.thescanfoundation.org\\\/resource\\\/for-people-50-care-preferences-matter\\\/\"]}]},{\"@type\":\"ImageObject\",\"inLanguage\":\"es-MX\",\"@id\":\"https:\\\/\\\/www.thescanfoundation.org\\\/resource\\\/for-people-50-care-preferences-matter\\\/#primaryimage\",\"url\":\"https:\\\/\\\/www.thescanfoundation.org\\\/wp-content\\\/uploads\\\/2025\\\/08\\\/iStock-1311594965-scaled.jpg\",\"contentUrl\":\"https:\\\/\\\/www.thescanfoundation.org\\\/wp-content\\\/uploads\\\/2025\\\/08\\\/iStock-1311594965-scaled.jpg\",\"width\":2560,\"height\":1707,\"caption\":\"Ugly news. Distressed old age hispanic female check documents at home office read debt bankruptcy information in financial report. Upset stressed older latin woman get bad surprise in official letter\"},{\"@type\":\"BreadcrumbList\",\"@id\":\"https:\\\/\\\/www.thescanfoundation.org\\\/resource\\\/for-people-50-care-preferences-matter\\\/#breadcrumb\",\"itemListElement\":[{\"@type\":\"ListItem\",\"position\":1,\"name\":\"Home\",\"item\":\"https:\\\/\\\/www.thescanfoundation.org\\\/\"},{\"@type\":\"ListItem\",\"position\":2,\"name\":\"For People 50+: Care Preferences Matter\"}]},{\"@type\":\"WebSite\",\"@id\":\"https:\\\/\\\/www.thescanfoundation.org\\\/#website\",\"url\":\"https:\\\/\\\/www.thescanfoundation.org\\\/\",\"name\":\"The SCAN Foundation\",\"description\":\"\",\"publisher\":{\"@id\":\"https:\\\/\\\/www.thescanfoundation.org\\\/#organization\"},\"potentialAction\":[{\"@type\":\"SearchAction\",\"target\":{\"@type\":\"EntryPoint\",\"urlTemplate\":\"https:\\\/\\\/www.thescanfoundation.org\\\/?s={search_term_string}\"},\"query-input\":{\"@type\":\"PropertyValueSpecification\",\"valueRequired\":true,\"valueName\":\"search_term_string\"}}],\"inLanguage\":\"es-MX\"},{\"@type\":\"Organization\",\"@id\":\"https:\\\/\\\/www.thescanfoundation.org\\\/#organization\",\"name\":\"The SCAN Foundation\",\"url\":\"https:\\\/\\\/www.thescanfoundation.org\\\/\",\"logo\":{\"@type\":\"ImageObject\",\"inLanguage\":\"es-MX\",\"@id\":\"https:\\\/\\\/www.thescanfoundation.org\\\/#\\\/schema\\\/logo\\\/image\\\/\",\"url\":\"https:\\\/\\\/www.thescanfoundation.org\\\/wp-content\\\/uploads\\\/2025\\\/09\\\/tsf-logo.png\",\"contentUrl\":\"https:\\\/\\\/www.thescanfoundation.org\\\/wp-content\\\/uploads\\\/2025\\\/09\\\/tsf-logo.png\",\"width\":696,\"height\":696,\"caption\":\"The SCAN Foundation\"},\"image\":{\"@id\":\"https:\\\/\\\/www.thescanfoundation.org\\\/#\\\/schema\\\/logo\\\/image\\\/\"},\"sameAs\":[\"https:\\\/\\\/x.com\\\/TheSCANFndtn\",\"https:\\\/\\\/www.linkedin.com\\\/company\\\/the-scan-foundation\"]}]}<\/script>\n<!-- \/ Yoast SEO plugin. -->","yoast_head_json":{"title":"Para personas mayores de 50 a\u00f1os: las preferencias de atenci\u00f3n m\u00e9dica importan - Fundaci\u00f3n SCAN","description":"Preferencias de atenci\u00f3n para mayores de 50 a\u00f1os. Estudio sobre lo que valoran los adultos mayores al elegir servicios de salud y apoyo a largo plazo.","robots":{"index":"index","follow":"follow","max-snippet":"max-snippet:-1","max-image-preview":"max-image-preview:large","max-video-preview":"max-video-preview:-1"},"canonical":"https:\/\/www.thescanfoundation.org\/es\/recurso\/para-las-personas-mayores-de-50-anos-las-preferencias-de-atencion-importan\/","og_locale":"es_MX","og_type":"article","og_title":"For People 50+: Care Preferences Matter - The SCAN Foundation","og_description":"For People 50+: Care Preferences Matter. Research on what older adults prioritize when choosing long-term care and support services.","og_url":"https:\/\/www.thescanfoundation.org\/es\/recurso\/para-las-personas-mayores-de-50-anos-las-preferencias-de-atencion-importan\/","og_site_name":"The SCAN Foundation","article_modified_time":"2025-09-18T08:22:53+00:00","og_image":[{"width":2560,"height":1707,"url":"https:\/\/www.thescanfoundation.org\/wp-content\/uploads\/2025\/08\/iStock-1311594965-scaled.jpg","type":"image\/jpeg"}],"twitter_card":"summary_large_image","twitter_site":"@TheSCANFndtn","schema":{"@context":"https:\/\/schema.org","@graph":[{"@type":"WebPage","@id":"https:\/\/www.thescanfoundation.org\/resource\/for-people-50-care-preferences-matter\/","url":"https:\/\/www.thescanfoundation.org\/resource\/for-people-50-care-preferences-matter\/","name":"Para personas mayores de 50 a\u00f1os: las preferencias de atenci\u00f3n m\u00e9dica importan - Fundaci\u00f3n SCAN","isPartOf":{"@id":"https:\/\/www.thescanfoundation.org\/#website"},"primaryImageOfPage":{"@id":"https:\/\/www.thescanfoundation.org\/resource\/for-people-50-care-preferences-matter\/#primaryimage"},"image":{"@id":"https:\/\/www.thescanfoundation.org\/resource\/for-people-50-care-preferences-matter\/#primaryimage"},"thumbnailUrl":"https:\/\/www.thescanfoundation.org\/wp-content\/uploads\/2025\/08\/iStock-1311594965-scaled.jpg","datePublished":"2023-06-16T10:00:01+00:00","dateModified":"2025-09-18T08:22:53+00:00","description":"Preferencias de atenci\u00f3n para mayores de 50 a\u00f1os. Estudio sobre lo que valoran los adultos mayores al elegir servicios de salud y apoyo a largo plazo.","breadcrumb":{"@id":"https:\/\/www.thescanfoundation.org\/resource\/for-people-50-care-preferences-matter\/#breadcrumb"},"inLanguage":"es-MX","potentialAction":[{"@type":"ReadAction","target":["https:\/\/www.thescanfoundation.org\/resource\/for-people-50-care-preferences-matter\/"]}]},{"@type":"ImageObject","inLanguage":"es-MX","@id":"https:\/\/www.thescanfoundation.org\/resource\/for-people-50-care-preferences-matter\/#primaryimage","url":"https:\/\/www.thescanfoundation.org\/wp-content\/uploads\/2025\/08\/iStock-1311594965-scaled.jpg","contentUrl":"https:\/\/www.thescanfoundation.org\/wp-content\/uploads\/2025\/08\/iStock-1311594965-scaled.jpg","width":2560,"height":1707,"caption":"Ugly news. Distressed old age hispanic female check documents at home office read debt bankruptcy information in financial report. Upset stressed older latin woman get bad surprise in official letter"},{"@type":"BreadcrumbList","@id":"https:\/\/www.thescanfoundation.org\/resource\/for-people-50-care-preferences-matter\/#breadcrumb","itemListElement":[{"@type":"ListItem","position":1,"name":"Home","item":"https:\/\/www.thescanfoundation.org\/"},{"@type":"ListItem","position":2,"name":"For People 50+: Care Preferences Matter"}]},{"@type":"WebSite","@id":"https:\/\/www.thescanfoundation.org\/#website","url":"https:\/\/www.thescanfoundation.org\/","name":"La Fundaci\u00f3n SCAN","description":"","publisher":{"@id":"https:\/\/www.thescanfoundation.org\/#organization"},"potentialAction":[{"@type":"SearchAction","target":{"@type":"EntryPoint","urlTemplate":"https:\/\/www.thescanfoundation.org\/?s={search_term_string}"},"query-input":{"@type":"PropertyValueSpecification","valueRequired":true,"valueName":"search_term_string"}}],"inLanguage":"es-MX"},{"@type":"Organization","@id":"https:\/\/www.thescanfoundation.org\/#organization","name":"La Fundaci\u00f3n SCAN","url":"https:\/\/www.thescanfoundation.org\/","logo":{"@type":"ImageObject","inLanguage":"es-MX","@id":"https:\/\/www.thescanfoundation.org\/#\/schema\/logo\/image\/","url":"https:\/\/www.thescanfoundation.org\/wp-content\/uploads\/2025\/09\/tsf-logo.png","contentUrl":"https:\/\/www.thescanfoundation.org\/wp-content\/uploads\/2025\/09\/tsf-logo.png","width":696,"height":696,"caption":"The SCAN Foundation"},"image":{"@id":"https:\/\/www.thescanfoundation.org\/#\/schema\/logo\/image\/"},"sameAs":["https:\/\/x.com\/TheSCANFndtn","https:\/\/www.linkedin.com\/company\/the-scan-foundation"]}]}},"_links":{"self":[{"href":"https:\/\/www.thescanfoundation.org\/es\/wp-json\/wp\/v2\/resource\/1395","targetHints":{"allow":["GET"]}}],"collection":[{"href":"https:\/\/www.thescanfoundation.org\/es\/wp-json\/wp\/v2\/resource"}],"about":[{"href":"https:\/\/www.thescanfoundation.org\/es\/wp-json\/wp\/v2\/types\/resource"}],"version-history":[{"count":0,"href":"https:\/\/www.thescanfoundation.org\/es\/wp-json\/wp\/v2\/resource\/1395\/revisions"}],"wp:featuredmedia":[{"embeddable":true,"href":"https:\/\/www.thescanfoundation.org\/es\/wp-json\/wp\/v2\/media\/2599"}],"wp:attachment":[{"href":"https:\/\/www.thescanfoundation.org\/es\/wp-json\/wp\/v2\/media?parent=1395"}],"curies":[{"name":"wp","href":"https:\/\/api.w.org\/{rel}","templated":true}]}}

Para personas mayores de 50 años: las preferencias de atención importan

En un análisis exhaustivo de las preferencias de cuidado de los adultos mayores, el Dr. Marc Cohen y su equipo del Centro LeadingAge LTSS @UMass Boston y Community Catalyst, con financiación de la Fundación SCAN, descubrieron que, desde 2020, un mayor número de adultos mayores siente que sus preferencias de cuidado se suelen tener en cuenta, pero sus experiencias varían, lo que pone de manifiesto las desigualdades. Estas desigualdades trascienden la raza/etnia, la edad, los ingresos, el tipo de seguro, el estado civil/de pareja y la ubicación.

<a href="https://www.thescanfoundation.org/wp-content/uploads/2023/06/2023-6-14-TSF-Care-Preferences-Chart-Pack_FINAL.pdf" target="_blank" rel="noopener"><strong>VER LIBRO DE CARTAS</strong></a>

Para personas mayores de 50 años: las preferencias de atención médica importan - Fundación SCAN

Preferencias de atención para mayores de 50 años. Estudio sobre lo que valoran los adultos mayores al elegir servicios de salud y apoyo a largo plazo.

La Fundación SCAN
